CRAN Package Check Results for Package evolMap

Last updated on 2024-02-28 01:54:11 CET.

Flavor Version Tinstall Tcheck Ttotal Status Flags
r-devel-linux-x86_64-debian-clang 1.2.33 2.19 35.71 37.90 OK
r-devel-linux-x86_64-debian-gcc 1.2.33 2.86 27.26 30.12 OK
r-devel-linux-x86_64-fedora-clang 1.2.33 48.91 NOTE
r-devel-linux-x86_64-fedora-gcc 1.2.33 49.47 NOTE
r-devel-windows-x86_64 1.2.33 4.00 56.00 60.00 OK
r-patched-linux-x86_64 1.2.33 3.43 35.51 38.94 OK
r-release-linux-x86_64 1.2.33 3.50 35.46 38.96 OK
r-release-macos-arm64 1.2.33 24.00 OK
r-release-macos-x86_64 1.2.33 32.00 OK
r-release-windows-x86_64 1.2.33 5.00 59.00 64.00 OK
r-oldrel-macos-arm64 1.2.33 20.00 OK
r-oldrel-windows-x86_64 1.2.33 5.00 61.00 66.00 OK

Check Details

Version: 1.2.33
Check: data for non-ASCII characters
Result: NOTE Note: found 10 marked UTF-8 strings Flavors: r-devel-linux-x86_64-fedora-clang, r-devel-linux-x86_64-fedora-gcc