CRAN Package Check Results for Package evolvability

Last updated on 2021-12-08 15:50:43 CET.

Flavor Version Tinstall Tcheck Ttotal Status Flags
r-devel-linux-x86_64-debian-clang 1.1.0 2.07 30.90 32.97 NOTE
r-devel-linux-x86_64-debian-gcc 1.1.0 1.96 24.70 26.66 NOTE
r-devel-linux-x86_64-fedora-clang 1.1.0 42.45 NOTE
r-devel-linux-x86_64-fedora-gcc 1.1.0 31.50 NOTE
r-devel-windows-x86_64-new-UL 1.1.0 7.00 64.00 71.00 NOTE
r-devel-windows-x86_64-new-TK 1.1.0 NOTE
r-devel-windows-x86_64-old 1.1.0 4.00 39.00 43.00 NOTE
r-patched-linux-x86_64 1.1.0 2.55 30.35 32.90 NOTE
r-release-linux-x86_64 1.1.0 2.05 30.53 32.58 NOTE
r-release-macos-arm64 1.1.0 NOTE
r-release-macos-x86_64 1.1.0 NOTE
r-release-windows-ix86+x86_64 1.1.0 4.00 38.00 42.00 NOTE
r-oldrel-macos-x86_64 1.1.0 NOTE
r-oldrel-windows-ix86+x86_64 1.1.0 5.00 38.00 43.00 NOTE

Check Details

Version: 1.1.0
Check: R code for possible problems
Result: NOTE
    evolvabilityBetaMCMC : <anonymous>: no visible binding for global
     variable 'median'
    evolvabilityBetaMCMC: no visible binding for global variable 'median'
    evolvabilityBetaMCMC2: no visible binding for global variable 'median'
    evolvabilityMeans: no visible global function definition for 'var'
    evolvabilityMeansMCMC : <anonymous>: no visible global function
     definition for 'var'
    evolvabilityMeansMCMC: no visible binding for global variable 'median'
    randomBeta: no visible global function definition for 'rnorm'
    Undefined global functions or variables:
     median rnorm var
    Consider adding
     importFrom("stats", "median", "rnorm", "var")
    to your NAMESPACE file.
Flavors: r-devel-linux-x86_64-debian-clang, r-devel-linux-x86_64-debian-gcc, r-devel-linux-x86_64-fedora-clang, r-devel-linux-x86_64-fedora-gcc, r-devel-windows-x86_64-new-UL, r-devel-windows-x86_64-new-TK, r-devel-windows-x86_64-old, r-patched-linux-x86_64, r-release-linux-x86_64, r-release-macos-arm64, r-release-macos-x86_64, r-release-windows-ix86+x86_64, r-oldrel-macos-x86_64, r-oldrel-windows-ix86+x86_64