CRAN Package Check Results for Package ewoc

Last updated on 2020-08-09 15:47:42 CEST.

Flavor Version Tinstall Tcheck Ttotal Status Flags
r-devel-linux-x86_64-debian-clang 0.3.0 6.49 55.05 61.54 OK
r-devel-linux-x86_64-debian-gcc 0.3.0 5.02 40.83 45.85 OK
r-devel-linux-x86_64-fedora-clang 0.3.0 78.72 NOTE
r-devel-linux-x86_64-fedora-gcc 0.3.0 70.21 NOTE
r-devel-windows-ix86+x86_64 0.3.0 16.00 123.00 139.00 OK
r-patched-linux-x86_64 0.3.0 7.07 53.29 60.36 OK
r-patched-solaris-x86 0.3.0 109.90 NOTE
r-release-linux-x86_64 0.3.0 6.21 52.95 59.16 OK
r-release-macos-x86_64 0.3.0 NOTE
r-release-windows-ix86+x86_64 0.3.0 25.00 113.00 138.00 OK
r-oldrel-macos-x86_64 0.3.0 NOTE
r-oldrel-windows-ix86+x86_64 0.3.0 14.00 82.00 96.00 OK

Check Details

Version: 0.3.0
Check: dependencies in R code
Result: NOTE
    Namespace in Imports field not imported from: ‘parallel’
     All declared Imports should be used.
Flavors: r-devel-linux-x86_64-fedora-clang, r-devel-linux-x86_64-fedora-gcc, r-patched-solaris-x86, r-release-macos-x86_64, r-oldrel-macos-x86_64