Last updated on 2025-01-26 14:48:20 CET.
Flavor | Version | Tinstall | Tcheck | Ttotal | Status | Flags |
---|---|---|---|---|---|---|
r-devel-linux-x86_64-debian-clang | 0.3.0 | 6.42 | 55.46 | 61.88 | NOTE | |
r-devel-linux-x86_64-debian-gcc | 0.3.0 | 4.79 | 37.93 | 42.72 | NOTE | |
r-devel-linux-x86_64-fedora-clang | 0.3.0 | 103.54 | NOTE | |||
r-devel-linux-x86_64-fedora-gcc | 0.3.0 | 88.33 | NOTE | |||
r-devel-windows-x86_64 | 0.3.0 | 9.00 | 91.00 | 100.00 | NOTE | |
r-patched-linux-x86_64 | 0.3.0 | 6.96 | 50.15 | 57.11 | NOTE | |
r-release-linux-x86_64 | 0.3.0 | 6.49 | 50.94 | 57.43 | NOTE | |
r-release-macos-arm64 | 0.3.0 | 26.00 | NOTE | |||
r-release-macos-x86_64 | 0.3.0 | 50.00 | NOTE | |||
r-release-windows-x86_64 | 0.3.0 | 9.00 | 93.00 | 102.00 | NOTE | |
r-oldrel-macos-arm64 | 0.3.0 | 30.00 | NOTE | |||
r-oldrel-macos-x86_64 | 0.3.0 | 44.00 | NOTE | |||
r-oldrel-windows-x86_64 | 0.3.0 | 10.00 | 100.00 | 110.00 | NOTE |
Version: 0.3.0
Check: Rd files
Result: NOTE
checkRd: (-1) stop_rule.Rd:20: Lost braces in \itemize; \value handles \item{}{} directly
checkRd: (-1) stop_rule.Rd:21: Lost braces in \itemize; \value handles \item{}{} directly
checkRd: (-1) stop_rule.Rd:22: Lost braces in \itemize; \value handles \item{}{} directly
checkRd: (-1) stop_rule.Rd:23: Lost braces in \itemize; \value handles \item{}{} directly
Flavors: r-devel-linux-x86_64-debian-clang, r-devel-linux-x86_64-debian-gcc, r-devel-linux-x86_64-fedora-clang, r-devel-linux-x86_64-fedora-gcc, r-devel-windows-x86_64, r-patched-linux-x86_64, r-release-linux-x86_64, r-release-macos-arm64, r-release-macos-x86_64, r-release-windows-x86_64
Version: 0.3.0
Check: dependencies in R code
Result: NOTE
Namespace in Imports field not imported from: ‘parallel’
All declared Imports should be used.
Flavors: r-devel-linux-x86_64-fedora-clang, r-devel-linux-x86_64-fedora-gcc
Version: 0.3.0
Check: LazyData
Result: NOTE
'LazyData' is specified without a 'data' directory
Flavors: r-patched-linux-x86_64, r-release-linux-x86_64, r-release-macos-arm64, r-release-macos-x86_64, r-release-windows-x86_64, r-oldrel-macos-arm64, r-oldrel-macos-x86_64, r-oldrel-windows-x86_64