CRAN Package Check Results for Package ewoc

Last updated on 2021-01-15 17:50:40 CET.

Flavor Version Tinstall Tcheck Ttotal Status Flags
r-devel-linux-x86_64-debian-clang 0.3.0 5.57 57.67 63.24 OK
r-devel-linux-x86_64-debian-gcc 0.3.0 4.38 43.68 48.06 OK
r-devel-linux-x86_64-fedora-clang 0.3.0 89.60 NOTE
r-devel-linux-x86_64-fedora-gcc 0.3.0 75.33 NOTE
r-devel-windows-ix86+x86_64 0.3.0 19.00 97.00 116.00 OK
r-patched-linux-x86_64 0.3.0 5.46 54.05 59.51 OK
r-patched-solaris-x86 0.3.0 115.70 NOTE
r-release-linux-x86_64 0.3.0 5.60 53.78 59.38 OK
r-release-macos-x86_64 0.3.0 NOTE
r-release-windows-ix86+x86_64 0.3.0 13.00 75.00 88.00 OK
r-oldrel-macos-x86_64 0.3.0 NOTE
r-oldrel-windows-ix86+x86_64 0.3.0 9.00 69.00 78.00 OK

Check Details

Version: 0.3.0
Check: dependencies in R code
Result: NOTE
    Namespace in Imports field not imported from: ‘parallel’
     All declared Imports should be used.
Flavors: r-devel-linux-x86_64-fedora-clang, r-devel-linux-x86_64-fedora-gcc, r-patched-solaris-x86, r-release-macos-x86_64, r-oldrel-macos-x86_64