CRAN Package Check Results for Package exactLoglinTest

Last updated on 2022-01-23 12:05:09 CET.

Flavor Version Tinstall Tcheck Ttotal Status Flags
r-devel-linux-x86_64-debian-clang 1.4.2 3.67 61.89 65.56 NOTE
r-devel-linux-x86_64-debian-gcc 1.4.2 2.75 50.12 52.87 NOTE
r-devel-linux-x86_64-fedora-clang 1.4.2 80.60 NOTE
r-devel-linux-x86_64-fedora-gcc 1.4.2 68.45 NOTE
r-devel-windows-x86_64-new-UL 1.4.2 82.00 93.00 175.00 NOTE
r-devel-windows-x86_64-new-TK 1.4.2 NOTE
r-patched-linux-x86_64 1.4.2 3.84 58.40 62.24 NOTE
r-release-linux-x86_64 1.4.2 3.83 58.18 62.01 NOTE
r-release-macos-arm64 1.4.2 NOTE
r-release-macos-x86_64 1.4.2 NOTE
r-release-windows-ix86+x86_64 1.4.2 10.00 72.00 82.00 NOTE
r-oldrel-macos-x86_64 1.4.2 NOTE
r-oldrel-windows-ix86+x86_64 1.4.2 8.00 68.00 76.00 NOTE

Check Details

Version: 1.4.2
Check: DESCRIPTION meta-information
Result: NOTE
    Malformed Description field: should contain one or more complete sentences.
Flavors: r-devel-linux-x86_64-debian-clang, r-devel-linux-x86_64-debian-gcc, r-devel-linux-x86_64-fedora-clang, r-devel-linux-x86_64-fedora-gcc, r-devel-windows-x86_64-new-UL, r-devel-windows-x86_64-new-TK, r-patched-linux-x86_64, r-release-linux-x86_64, r-release-macos-arm64, r-release-macos-x86_64, r-release-windows-ix86+x86_64, r-oldrel-macos-x86_64, r-oldrel-windows-ix86+x86_64

Version: 1.4.2
Check: R code for possible problems
Result: NOTE
    build.mcx.obj: no visible global function definition for 'glm'
    build.mcx.obj: no visible binding for global variable 'poisson'
    build.mcx.obj: no visible global function definition for 'fitted'
    cab: no visible global function definition for 'rbinom'
    cab: no visible global function definition for 'runif'
    mcexact: no visible global function definition for 'update'
    rounded.tprob: no visible global function definition for 'pt'
    simtable.cab: no visible global function definition for 'rbinom'
    simtable.cab: no visible global function definition for 'runif'
    Undefined global functions or variables:
     fitted glm poisson pt rbinom runif update
    Consider adding
     importFrom("stats", "fitted", "glm", "poisson", "pt", "rbinom",
     "runif", "update")
    to your NAMESPACE file.
Flavors: r-devel-linux-x86_64-debian-clang, r-devel-linux-x86_64-debian-gcc, r-devel-linux-x86_64-fedora-clang, r-devel-linux-x86_64-fedora-gcc, r-devel-windows-x86_64-new-UL, r-devel-windows-x86_64-new-TK, r-patched-linux-x86_64, r-release-linux-x86_64, r-release-macos-arm64, r-release-macos-x86_64, r-release-windows-ix86+x86_64, r-oldrel-macos-x86_64, r-oldrel-windows-ix86+x86_64

Version: 1.4.2
Check: compiled code
Result: NOTE
    File ‘exactLoglinTest/libs/exactLoglinTest.so’:
     Found no calls to: ‘R_registerRoutines’, ‘R_useDynamicSymbols’
    
    It is good practice to register native routines and to disable symbol
    search.
    
    See ‘Writing portable packages’ in the ‘Writing R Extensions’ manual.
Flavors: r-devel-linux-x86_64-fedora-clang, r-devel-linux-x86_64-fedora-gcc