CRAN Package Check Results for Package exactextractr

Last updated on 2023-01-31 17:54:03 CET.

Flavor Version Tinstall Tcheck Ttotal Status Flags
r-devel-linux-x86_64-debian-clang 0.9.1 115.95 421.67 537.62 NOTE
r-devel-linux-x86_64-debian-gcc 0.9.1 90.10 309.70 399.80 NOTE
r-devel-linux-x86_64-fedora-clang 0.9.1 691.22 NOTE
r-devel-linux-x86_64-fedora-gcc 0.9.1 715.95 NOTE
r-devel-windows-x86_64 0.9.1 192.00 490.00 682.00 NOTE
r-patched-linux-x86_64 0.9.1 94.76 400.22 494.98 OK
r-release-linux-x86_64 0.9.1 97.50 384.68 482.18 OK
r-release-macos-arm64 0.9.1 213.00 NOTE
r-release-macos-x86_64 0.9.1 208.00 ERROR
r-release-windows-x86_64 0.9.1 127.00 473.00 600.00 OK
r-oldrel-macos-arm64 0.9.1 172.00 NOTE
r-oldrel-macos-x86_64 0.9.1 215.00 ERROR
r-oldrel-windows-ix86+x86_64 0.9.1 267.00 655.00 922.00 NOTE

Check Details

Version: 0.9.1
Check: C++ specification
Result: NOTE
     Specified C++14: please update to current default of C++17
Flavors: r-devel-linux-x86_64-debian-clang, r-devel-linux-x86_64-debian-gcc, r-devel-linux-x86_64-fedora-clang, r-devel-linux-x86_64-fedora-gcc, r-devel-windows-x86_64

Version: 0.9.1
Check: installed package size
Result: NOTE
     installed size is 7.7Mb
     sub-directories of 1Mb or more:
     libs 6.8Mb
Flavors: r-release-macos-arm64, r-release-macos-x86_64, r-oldrel-macos-arm64, r-oldrel-macos-x86_64, r-oldrel-windows-ix86+x86_64

Version: 0.9.1
Check: tests
Result: ERROR
     Running ‘testthat.R’ [32s/32s]
    Running the tests in ‘tests/testthat.R’ failed.
    Last 13 lines of output:
     ── Error ('test_helper_blocksize.R:34'): blockSize reports block size in row-col order ──
     Error: [writeRaster] invalid driver
     Backtrace:
     ▆
     1. ├─base::suppressWarnings(...) at test_helper_blocksize.R:34:2
     2. │ └─base::withCallingHandlers(...)
     3. ├─terra::writeRaster(...) at test_helper_blocksize.R:35:4
     4. └─terra::writeRaster(...)
     5. └─terra (local) .local(x, filename, ...)
     6. └─terra:::messages(x, "writeRaster")
     7. └─terra:::error(f, x@ptr$getError())
    
     [ FAIL 1 | WARN 0 | SKIP 0 | PASS 463 ]
     Error: Test failures
     Execution halted
Flavor: r-release-macos-x86_64

Version: 0.9.1
Check: tests
Result: ERROR
     Running ‘testthat.R’ [32s/33s]
    Running the tests in ‘tests/testthat.R’ failed.
    Last 13 lines of output:
     ── Error ('test_helper_blocksize.R:34'): blockSize reports block size in row-col order ──
     Error: [writeRaster] invalid driver
     Backtrace:
     ▆
     1. ├─base::suppressWarnings(...) at test_helper_blocksize.R:34:2
     2. │ └─base::withCallingHandlers(...)
     3. ├─terra::writeRaster(...) at test_helper_blocksize.R:35:4
     4. └─terra::writeRaster(...)
     5. └─terra (local) .local(x, filename, ...)
     6. └─terra:::messages(x, "writeRaster")
     7. └─terra:::error(f, x@ptr$getError())
    
     [ FAIL 1 | WARN 0 | SKIP 0 | PASS 463 ]
     Error: Test failures
     Execution halted
Flavor: r-oldrel-macos-x86_64