CRAN Package Check Results for Package exactextractr

Last updated on 2020-08-09 16:47:51 CEST.

Flavor Version Tinstall Tcheck Ttotal Status Flags
r-devel-linux-x86_64-debian-clang 0.4.0 47.79 101.47 149.26 OK
r-devel-linux-x86_64-debian-gcc 0.4.0 35.28 75.68 110.96 OK
r-devel-linux-x86_64-fedora-clang 0.4.0 205.96 OK
r-devel-linux-x86_64-fedora-gcc 0.4.0 180.12 OK
r-devel-windows-ix86+x86_64 0.4.0 104.00 212.00 316.00 OK
r-patched-linux-x86_64 0.4.0 39.69 97.39 137.08 OK
r-patched-solaris-x86 0.4.0 217.70 OK
r-release-linux-x86_64 0.4.0 37.05 98.12 135.17 OK
r-release-macos-x86_64 0.4.0 ERROR
r-release-windows-ix86+x86_64 0.4.0 134.00 216.00 350.00 OK
r-oldrel-macos-x86_64 0.4.0 NOTE
r-oldrel-windows-ix86+x86_64 0.4.0 102.00 150.00 252.00 OK

Check Details

Version: 0.4.0
Check: whether package can be installed
Result: ERROR
    Installation failed.
Flavor: r-release-macos-x86_64

Version: 0.4.0
Check: installed package size
Result: NOTE
     installed size is 23.1Mb
     sub-directories of 1Mb or more:
     libs 23.0Mb
Flavor: r-oldrel-macos-x86_64