Last updated on 2021-03-01 05:47:50 CET.
Flavor | Version | Tinstall | Tcheck | Ttotal | Status | Flags |
---|---|---|---|---|---|---|
r-devel-linux-x86_64-debian-clang | 0.5.1 | OK | ||||
r-devel-linux-x86_64-debian-gcc | 0.5.1 | 33.46 | 83.64 | 117.10 | OK | |
r-devel-linux-x86_64-fedora-clang | 0.5.1 | 228.16 | OK | |||
r-devel-linux-x86_64-fedora-gcc | 0.5.1 | 193.93 | OK | |||
r-devel-windows-ix86+x86_64 | 0.5.1 | 95.00 | 149.00 | 244.00 | OK | |
r-patched-linux-x86_64 | 0.5.1 | 38.99 | 103.68 | 142.67 | OK | |
r-patched-solaris-x86 | 0.5.1 | 233.00 | OK | |||
r-release-linux-x86_64 | 0.5.1 | 40.47 | 103.39 | 143.86 | OK | |
r-release-macos-x86_64 | 0.5.1 | NOTE | ||||
r-release-windows-ix86+x86_64 | 0.5.1 | 132.00 | 198.00 | 330.00 | OK | |
r-oldrel-macos-x86_64 | 0.5.1 | NOTE | ||||
r-oldrel-windows-ix86+x86_64 | 0.5.1 | 89.00 | 193.00 | 282.00 | OK |
Version: 0.5.1
Check: installed package size
Result: NOTE
installed size is 27.8Mb
sub-directories of 1Mb or more:
libs 27.6Mb
Flavors: r-release-macos-x86_64, r-oldrel-macos-x86_64