Last updated on 2023-05-30 11:00:11 CEST.
Flavor | Version | Tinstall | Tcheck | Ttotal | Status | Flags |
---|---|---|---|---|---|---|
r-devel-linux-x86_64-debian-clang | 0.9.1 | 117.87 | 423.79 | 541.66 | NOTE | |
r-devel-linux-x86_64-debian-gcc | 0.9.1 | 90.13 | 317.12 | 407.25 | NOTE | |
r-devel-linux-x86_64-fedora-clang | 0.9.1 | 709.12 | NOTE | |||
r-devel-linux-x86_64-fedora-gcc | 0.9.1 | 671.48 | NOTE | |||
r-devel-windows-x86_64 | 0.9.1 | 86.00 | 325.00 | 411.00 | NOTE | |
r-patched-linux-x86_64 | 0.9.1 | 100.72 | 398.02 | 498.74 | NOTE | |
r-release-linux-x86_64 | 0.9.1 | 103.57 | 403.12 | 506.69 | NOTE | |
r-release-macos-arm64 | 0.9.1 | 172.00 | NOTE | |||
r-release-macos-x86_64 | 0.9.1 | 312.00 | NOTE | |||
r-release-windows-x86_64 | 0.9.1 | 116.00 | 432.00 | 548.00 | NOTE | |
r-oldrel-macos-arm64 | 0.9.1 | 213.00 | NOTE | |||
r-oldrel-macos-x86_64 | 0.9.1 | 209.00 | ERROR | |||
r-oldrel-windows-x86_64 | 0.9.1 | 115.00 | 408.00 | 523.00 | OK |
Version: 0.9.1
Check: C++ specification
Result: NOTE
Specified C++14: please drop specification unless essential
Flavors: r-devel-linux-x86_64-debian-clang, r-devel-linux-x86_64-debian-gcc, r-devel-linux-x86_64-fedora-clang, r-devel-linux-x86_64-fedora-gcc, r-devel-windows-x86_64, r-patched-linux-x86_64, r-release-linux-x86_64, r-release-macos-arm64, r-release-macos-x86_64, r-release-windows-x86_64
Version: 0.9.1
Check: installed package size
Result: NOTE
installed size is 7.7Mb
sub-directories of 1Mb or more:
libs 6.9Mb
Flavors: r-release-macos-arm64, r-release-macos-x86_64, r-oldrel-macos-arm64, r-oldrel-macos-x86_64
Version: 0.9.1
Check: tests
Result: ERROR
Running ‘testthat.R’ [29s/29s]
Running the tests in ‘tests/testthat.R’ failed.
Last 13 lines of output:
── Error ('test_helper_blocksize.R:34:3'): blockSize reports block size in row-col order ──
Error: [writeRaster] invalid driver
Backtrace:
▆
1. ├─base::suppressWarnings(...) at test_helper_blocksize.R:34:2
2. │ └─base::withCallingHandlers(...)
3. ├─terra::writeRaster(...) at test_helper_blocksize.R:35:4
4. └─terra::writeRaster(...)
5. └─terra (local) .local(x, filename, ...)
6. └─terra:::messages(x, "writeRaster")
7. └─terra:::error(f, x@ptr$getError())
[ FAIL 1 | WARN 0 | SKIP 0 | PASS 463 ]
Error: Test failures
Execution halted
Flavor: r-oldrel-macos-x86_64