CRAN Package Check Results for Package exactextractr

Last updated on 2019-11-14 20:48:49 CET.

Flavor Version Tinstall Tcheck Ttotal Status Flags
r-devel-linux-x86_64-debian-clang 0.1.1 43.84 81.21 125.05 OK
r-devel-linux-x86_64-debian-gcc 0.1.1 30.36 64.09 94.45 OK
r-devel-linux-x86_64-fedora-clang 0.1.1 170.78 NOTE
r-devel-linux-x86_64-fedora-gcc 0.1.1 153.57 NOTE
r-devel-windows-ix86+x86_64 0.1.1 164.00 136.00 300.00 OK
r-patched-linux-x86_64 0.1.1 33.64 78.11 111.75 OK
r-patched-solaris-x86 0.1.1 188.70 NOTE
r-release-linux-x86_64 0.1.1 35.98 77.88 113.86 OK
r-release-windows-ix86+x86_64 0.1.1 132.00 198.00 330.00 OK
r-release-osx-x86_64 0.1.1 NOTE
r-oldrel-windows-ix86+x86_64 0.1.1 119.00 172.00 291.00 OK
r-oldrel-osx-x86_64 0.1.1 NOTE

Check Details

Version: 0.1.1
Check: dependencies in R code
Result: NOTE
    Namespaces in Imports field not imported from:
     ‘Rcpp’ ‘methods’
     All declared Imports should be used.
Flavors: r-devel-linux-x86_64-fedora-clang, r-devel-linux-x86_64-fedora-gcc, r-patched-solaris-x86, r-release-osx-x86_64, r-oldrel-osx-x86_64

Version: 0.1.1
Check: installed package size
Result: NOTE
     installed size is 22.9Mb
     sub-directories of 1Mb or more:
     libs 22.8Mb
Flavors: r-release-osx-x86_64, r-oldrel-osx-x86_64