CRAN Package Check Results for Package exactextractr

Last updated on 2020-06-03 21:47:44 CEST.

Flavor Version Tinstall Tcheck Ttotal Status Flags
r-devel-linux-x86_64-debian-clang 0.3.0 47.80 90.49 138.29 OK
r-devel-linux-x86_64-debian-gcc 0.3.0 36.97 70.51 107.48 OK
r-devel-linux-x86_64-fedora-clang 0.3.0 200.19 OK
r-devel-linux-x86_64-fedora-gcc 0.3.0 169.28 OK
r-devel-windows-ix86+x86_64 0.3.0 152.00 200.00 352.00 OK
r-patched-linux-x86_64 0.3.0 39.19 89.33 128.52 OK
r-patched-solaris-x86 0.3.0 207.20 OK
r-release-linux-x86_64 0.3.0 36.43 90.18 126.61 OK
r-release-osx-x86_64 0.3.0 NOTE
r-release-windows-ix86+x86_64 0.3.0 119.00 197.00 316.00 OK
r-oldrel-osx-x86_64 0.3.0 NOTE
r-oldrel-windows-ix86+x86_64 0.3.0 163.00 149.00 312.00 OK

Check Details

Version: 0.3.0
Check: installed package size
Result: NOTE
     installed size is 23.0Mb
     sub-directories of 1Mb or more:
     libs 22.9Mb
Flavors: r-release-osx-x86_64, r-oldrel-osx-x86_64