CRAN Package Check Results for Package exams

Last updated on 2019-08-18 04:46:11 CEST.

Flavor Version Tinstall Tcheck Ttotal Status Flags
r-devel-linux-x86_64-debian-clang 2.3-4 12.87 161.38 174.25 NOTE
r-devel-linux-x86_64-debian-gcc 2.3-4 10.82 127.16 137.98 NOTE
r-devel-linux-x86_64-fedora-clang 2.3-4 215.50 NOTE
r-devel-linux-x86_64-fedora-gcc 2.3-4 209.59 OK
r-devel-windows-ix86+x86_64 2.3-4 25.00 491.00 516.00 OK
r-patched-linux-x86_64 2.3-4 11.35 158.55 169.90 NOTE
r-patched-solaris-x86 2.3-4 318.40 OK
r-release-linux-x86_64 2.3-4 12.93 158.48 171.41 NOTE
r-release-windows-ix86+x86_64 2.3-4 28.00 482.00 510.00 OK
r-release-osx-x86_64 2.3-4 OK
r-oldrel-windows-ix86+x86_64 2.3-4 25.00 473.00 498.00 OK
r-oldrel-osx-x86_64 2.3-4 OK

Check Details

Version: 2.3-4
Check: R code for possible problems
Result: NOTE
    Found the following assignments to the global environment:
    File 'exams/R/xexams.R':
     assign(".xweave_svg_grdevice", .xweave_svg_grdevice, envir = .GlobalEnv)
Flavors: r-devel-linux-x86_64-debian-clang, r-devel-linux-x86_64-debian-gcc, r-devel-linux-x86_64-fedora-clang, r-patched-linux-x86_64, r-release-linux-x86_64