CRAN Package Check Results for Package exams

Last updated on 2018-10-23 16:53:16 CEST.

Flavor Version Tinstall Tcheck Ttotal Status Flags
r-devel-linux-x86_64-debian-clang 2.3-1 10.97 145.41 156.38 NOTE
r-devel-linux-x86_64-debian-gcc 2.3-1 9.55 116.54 126.09 NOTE
r-devel-linux-x86_64-fedora-clang 2.3-1 201.84 NOTE
r-devel-linux-x86_64-fedora-gcc 2.3-1 196.70 OK
r-devel-windows-ix86+x86_64 2.3-1 23.00 465.00 488.00 OK
r-patched-linux-x86_64 2.3-1 8.78 142.91 151.69 NOTE
r-patched-solaris-x86 2.3-1 237.80 ERROR
r-release-linux-x86_64 2.3-1 10.09 143.85 153.94 NOTE
r-release-windows-ix86+x86_64 2.3-1 18.00 479.00 497.00 OK
r-release-osx-x86_64 2.3-1 ERROR
r-oldrel-windows-ix86+x86_64 2.3-1 5.00 506.00 511.00 OK
r-oldrel-osx-x86_64 2.3-1 ERROR

Check Details

Version: 2.3-1
Check: R code for possible problems
Result: NOTE
    Found the following assignments to the global environment:
    File ‘exams/R/xexams.R’:
     assign(".xweave_svg_grdevice", .xweave_svg_grdevice, envir = .GlobalEnv)
Flavors: r-devel-linux-x86_64-debian-clang, r-devel-linux-x86_64-debian-gcc, r-devel-linux-x86_64-fedora-clang, r-patched-linux-x86_64, r-release-linux-x86_64

Version: 2.3-1
Check: examples
Result: ERROR
    Running examples in ‘exams-Ex.R’ failed
    The error most likely occurred in:
    
    > ### Name: exams2openolat
    > ### Title: Generation of Exams for OpenOLAT
    > ### Aliases: exams2openolat
    > ### Keywords: utilities
    >
    > ### ** Examples
    >
    > ## load package and enforce par(ask = FALSE)
    > library("exams")
    > options(device.ask.default = FALSE)
    >
    > ## define an exams (= list of exercises)
    > myexam <- list(
    + "boxplots",
    + c("tstat", "ttest", "confint"),
    + c("regression", "anova"),
    + c("scatterplot", "boxhist"),
    + "relfreq"
    + )
    >
    > ## output directory
    > mydir <- tempdir()
    >
    > ## generate .zip with OpenOLAT test in temporary directory
    > exams2openolat(myexam, n = 3, dir = mydir)
    Loading required namespace: rmarkdown
    sh: +RTS: not found
    Warning in system(command) : error in running command
    Error: pandoc document conversion failed with error 127
    Execution halted
Flavor: r-patched-solaris-x86

Version: 2.3-1
Check: examples
Result: ERROR
    Running examples in ‘exams-Ex.R’ failed
    The error most likely occurred in:
    
    > ### Name: exams2openolat
    > ### Title: Generation of Exams for OpenOLAT
    > ### Aliases: exams2openolat
    > ### Keywords: utilities
    >
    > ### ** Examples
    >
    > ## load package and enforce par(ask = FALSE)
    > library("exams")
    > options(device.ask.default = FALSE)
    >
    > ## define an exams (= list of exercises)
    > myexam <- list(
    + "boxplots",
    + c("tstat", "ttest", "confint"),
    + c("regression", "anova"),
    + c("scatterplot", "boxhist"),
    + "relfreq"
    + )
    >
    > ## output directory
    > mydir <- tempdir()
    >
    > ## generate .zip with OpenOLAT test in temporary directory
    > exams2openolat(myexam, n = 3, dir = mydir)
    Loading required namespace: rmarkdown
    sh: +RTS: command not found
    Warning in system(command) : error in running command
    Error: pandoc document conversion failed with error 127
    Execution halted
Flavor: r-release-osx-x86_64

Version: 2.3-1
Check: examples
Result: ERROR
    Running examples in ‘exams-Ex.R’ failed
    The error most likely occurred in:
    
    > ### Name: exams2openolat
    > ### Title: Generation of Exams for OpenOLAT
    > ### Aliases: exams2openolat
    > ### Keywords: utilities
    >
    > ### ** Examples
    >
    > ## load package and enforce par(ask = FALSE)
    > library("exams")
    > options(device.ask.default = FALSE)
    >
    > ## define an exams (= list of exercises)
    > myexam <- list(
    + "boxplots",
    + c("tstat", "ttest", "confint"),
    + c("regression", "anova"),
    + c("scatterplot", "boxhist"),
    + "relfreq"
    + )
    >
    > ## output directory
    > mydir <- tempdir()
    >
    > ## generate .zip with OpenOLAT test in temporary directory
    > exams2openolat(myexam, n = 3, dir = mydir)
    Loading required namespace: rmarkdown
    sh: +RTS: command not found
    Error: pandoc document conversion failed with error 127
    Execution halted
Flavor: r-oldrel-osx-x86_64