CRAN Package Check Results for Package exams

Last updated on 2018-12-13 11:47:22 CET.

Flavor Version Tinstall Tcheck Ttotal Status Flags
r-devel-linux-x86_64-debian-clang 2.3-2 12.79 146.14 158.93 NOTE
r-devel-linux-x86_64-debian-gcc 2.3-2 9.72 115.86 125.58 NOTE
r-devel-linux-x86_64-fedora-clang 2.3-2 206.16 NOTE
r-devel-linux-x86_64-fedora-gcc 2.3-2 197.50 OK
r-devel-windows-ix86+x86_64 2.3-2 21.00 462.00 483.00 OK
r-patched-linux-x86_64 2.3-2 11.78 143.10 154.88 NOTE
r-patched-solaris-x86 2.3-2 242.60 OK
r-release-linux-x86_64 2.3-2 9.06 142.42 151.48 NOTE
r-release-windows-ix86+x86_64 2.3-2 20.00 395.00 415.00 OK
r-release-osx-x86_64 2.3-2 OK
r-oldrel-windows-ix86+x86_64 2.3-2 5.00 396.00 401.00 OK
r-oldrel-osx-x86_64 2.3-2 OK

Check Details

Version: 2.3-2
Check: R code for possible problems
Result: NOTE
    Found the following assignments to the global environment:
    File ‘exams/R/xexams.R’:
     assign(".xweave_svg_grdevice", .xweave_svg_grdevice, envir = .GlobalEnv)
Flavors: r-devel-linux-x86_64-debian-clang, r-devel-linux-x86_64-debian-gcc, r-devel-linux-x86_64-fedora-clang, r-patched-linux-x86_64, r-release-linux-x86_64