CRAN Package Check Results for Package exams2sakai

Last updated on 2021-07-24 03:50:07 CEST.

Flavor Version Tinstall Tcheck Ttotal Status Flags
r-devel-linux-x86_64-debian-clang 0.3 3.61 29.45 33.06 OK
r-devel-linux-x86_64-debian-gcc 0.3 2.59 23.18 25.77 OK
r-devel-linux-x86_64-fedora-clang 0.3 48.88 NOTE
r-devel-linux-x86_64-fedora-gcc 0.3 38.34 OK
r-devel-windows-x86_64 0.3 4.00 33.00 37.00 OK
r-devel-windows-x86_64-gcc10-UCRT 0.3 OK
r-patched-linux-x86_64 0.3 5.01 28.27 33.28 OK
r-patched-solaris-x86 0.3 61.40 OK
r-release-linux-x86_64 0.3 3.40 28.32 31.72 OK
r-release-macos-arm64 0.3 OK
r-release-macos-x86_64 0.3 OK
r-release-windows-ix86+x86_64 0.3 7.00 33.00 40.00 OK
r-oldrel-macos-x86_64 0.3 OK
r-oldrel-windows-ix86+x86_64 0.3 8.00 44.00 52.00 OK

Check Details

Version: 0.3
Check: Rd cross-references
Result: NOTE
    Undeclared package ‘tth’ in Rd xrefs
Flavor: r-devel-linux-x86_64-fedora-clang