Last updated on 2023-02-06 03:54:29 CET.
Flavor | Version | Tinstall | Tcheck | Ttotal | Status | Flags |
---|---|---|---|---|---|---|
r-devel-windows-x86_64 | 0.9.10 | 80.00 | 94.00 | 174.00 | WARN | |
r-release-windows-x86_64 | 0.9.10 | 91.00 | 98.00 | 189.00 | OK | |
r-oldrel-macos-arm64 | 0.9.10 | 64.00 | OK | |||
r-oldrel-windows-ix86+x86_64 | 0.9.10 | 45.00 | 91.00 | 136.00 | OK |
Version: 0.9.10
Check: whether package can be installed
Result: WARN
Found the following significant warnings:
RCOMObject.cpp:125:12: warning: format '%p' expects argument of type 'void*', but argument 3 has type 'SEXP' {aka 'SEXPREC*'} [-Wformat=]
See 'd:/Rcompile/CRANpkg/local/4.3/excel.link.Rcheck/00install.out' for details.
* used C compiler: 'gcc.exe (GCC) 12.2.0'
* used C++ compiler: 'g++.exe (GCC) 12.2.0'
Flavor: r-devel-windows-x86_64