CRAN Package Check Results for Package excelR

Last updated on 2021-05-17 01:46:54 CEST.

Flavor Version Tinstall Tcheck Ttotal Status Flags
r-devel-linux-x86_64-debian-clang 0.4.0 2.43 30.82 33.25 NOTE
r-devel-linux-x86_64-debian-gcc 0.4.0 2.15 24.42 26.57 NOTE
r-devel-linux-x86_64-fedora-clang 0.4.0 49.57 NOTE
r-devel-linux-x86_64-fedora-gcc 0.4.0 39.57 NOTE
r-devel-windows-ix86+x86_64 0.4.0 14.00 49.00 63.00 NOTE
r-devel-windows-x86_64-gcc10-UCRT 0.4.0 NOTE
r-patched-linux-x86_64 0.4.0 2.65 29.83 32.48 NOTE
r-patched-solaris-x86 0.4.0 59.30 NOTE
r-release-linux-x86_64 0.4.0 2.71 29.69 32.40 OK
r-release-macos-x86_64 0.4.0 OK
r-release-windows-ix86+x86_64 0.4.0 4.00 36.00 40.00 OK
r-oldrel-macos-x86_64 0.4.0 OK
r-oldrel-windows-ix86+x86_64 0.4.0 4.00 44.00 48.00 OK

Check Details

Version: 0.4.0
Check: LazyData
Result: NOTE
     'LazyData' is specified without a 'data' directory
Flavors: r-devel-linux-x86_64-debian-clang, r-devel-linux-x86_64-debian-gcc, r-devel-linux-x86_64-fedora-clang, r-devel-linux-x86_64-fedora-gcc, r-devel-windows-ix86+x86_64, r-devel-windows-x86_64-gcc10-UCRT, r-patched-linux-x86_64, r-patched-solaris-x86