CRAN Package Check Results for Package excelstrippr

Last updated on 2021-05-14 18:48:10 CEST.

Flavor Version Tinstall Tcheck Ttotal Status Flags
r-devel-linux-x86_64-debian-clang 0.1.2 2.00 21.90 23.90 NOTE
r-devel-linux-x86_64-debian-gcc 0.1.2 1.60 17.40 19.00 NOTE
r-devel-linux-x86_64-fedora-clang 0.1.2 38.90 NOTE
r-devel-linux-x86_64-fedora-gcc 0.1.2 28.69 NOTE
r-devel-windows-ix86+x86_64 0.1.2 6.00 28.00 34.00 NOTE
r-devel-windows-x86_64-gcc10-UCRT 0.1.2 NOTE
r-patched-linux-x86_64 0.1.2 1.80 21.43 23.23 NOTE
r-patched-solaris-x86 0.1.2 43.10 NOTE
r-release-linux-x86_64 0.1.2 2.07 21.31 23.38 OK
r-release-macos-x86_64 0.1.2 OK
r-release-windows-ix86+x86_64 0.1.2 5.00 38.00 43.00 OK
r-oldrel-macos-x86_64 0.1.2 OK
r-oldrel-windows-ix86+x86_64 0.1.2 3.00 38.00 41.00 OK

Check Details

Version: 0.1.2
Check: LazyData
Result: NOTE
     'LazyData' is specified without a 'data' directory
Flavors: r-devel-linux-x86_64-debian-clang, r-devel-linux-x86_64-debian-gcc, r-devel-linux-x86_64-fedora-clang, r-devel-linux-x86_64-fedora-gcc, r-devel-windows-ix86+x86_64, r-devel-windows-x86_64-gcc10-UCRT, r-patched-linux-x86_64, r-patched-solaris-x86