CRAN Package Check Results for Package excursions

Last updated on 2020-06-04 02:48:01 CEST.

Flavor Version Tinstall Tcheck Ttotal Status Flags
r-devel-linux-x86_64-debian-clang 2.4.5 21.92 93.27 115.19 NOTE
r-devel-linux-x86_64-debian-gcc 2.4.5 17.12 71.92 89.04 NOTE
r-devel-linux-x86_64-fedora-clang 2.4.5 160.98 OK
r-devel-linux-x86_64-fedora-gcc 2.4.5 146.19 OK
r-devel-windows-ix86+x86_64 2.4.5 60.00 181.00 241.00 OK
r-patched-linux-x86_64 2.4.5 19.31 90.28 109.59 NOTE
r-patched-solaris-x86 2.4.5 190.50 NOTE
r-release-linux-x86_64 2.4.5 20.26 89.06 109.32 NOTE
r-release-osx-x86_64 2.4.5 NOTE
r-release-windows-ix86+x86_64 2.4.5 45.00 176.00 221.00 OK
r-oldrel-osx-x86_64 2.4.5 NOTE
r-oldrel-windows-ix86+x86_64 2.4.5 64.00 172.00 236.00 OK

Check Details

Version: 2.4.5
Check: package dependencies
Result: NOTE
    Package suggested but not available for checking: 'INLA'
Flavors: r-devel-linux-x86_64-debian-clang, r-devel-linux-x86_64-debian-gcc, r-patched-linux-x86_64, r-patched-solaris-x86, r-release-linux-x86_64, r-release-osx-x86_64, r-oldrel-osx-x86_64