CRAN Package Check Results for Package excursions

Last updated on 2021-06-16 17:51:53 CEST.

Flavor Version Tinstall Tcheck Ttotal Status Flags
r-devel-linux-x86_64-debian-clang 2.5.1 21.08 101.98 123.06 NOTE
r-devel-linux-x86_64-debian-gcc 2.5.1 16.78 75.12 91.90 NOTE
r-devel-linux-x86_64-fedora-clang 2.5.1 155.23 OK
r-devel-linux-x86_64-fedora-gcc 2.5.1 141.85 OK
r-devel-windows-x86_64 2.5.1 35.00 120.00 155.00 OK
r-devel-windows-x86_64-gcc10-UCRT 2.5.1 NOTE
r-patched-linux-x86_64 2.5.1 21.25 94.35 115.60 NOTE
r-patched-solaris-x86 2.5.1 193.70 NOTE
r-release-linux-x86_64 2.5.1 19.20 94.89 114.09 NOTE
r-release-macos-arm64 2.5.1 NOTE
r-release-macos-x86_64 2.5.1 NOTE
r-release-windows-ix86+x86_64 2.5.1 52.00 158.00 210.00 OK
r-oldrel-macos-x86_64 2.5.1 NOTE
r-oldrel-windows-ix86+x86_64 2.5.1 38.00 151.00 189.00 OK

Check Details

Version: 2.5.1
Check: package dependencies
Result: NOTE
    Package suggested but not available for checking: 'INLA'
Flavors: r-devel-linux-x86_64-debian-clang, r-devel-linux-x86_64-debian-gcc, r-devel-windows-x86_64-gcc10-UCRT, r-patched-linux-x86_64, r-patched-solaris-x86, r-release-linux-x86_64, r-release-macos-x86_64, r-oldrel-macos-x86_64

Version: 2.5.1
Check: package dependencies
Result: NOTE
    Packages suggested but not available for checking: 'INLA', 'rgdal'
Flavor: r-release-macos-arm64