CRAN Package Check Results for Package excursions

Last updated on 2019-05-19 18:50:17 CEST.

Flavor Version Tinstall Tcheck Ttotal Status Flags
r-devel-linux-x86_64-debian-clang 2.4.4 19.26 84.73 103.99 NOTE
r-devel-linux-x86_64-debian-gcc 2.4.4 15.73 64.32 80.05 NOTE
r-devel-linux-x86_64-fedora-clang 2.4.4 134.66 OK
r-devel-linux-x86_64-fedora-gcc 2.4.4 126.28 OK
r-devel-windows-ix86+x86_64 2.4.4 62.00 225.00 287.00 NOTE
r-patched-linux-x86_64 2.4.4 17.32 80.44 97.76 NOTE
r-patched-solaris-x86 2.4.4 179.80 NOTE
r-release-linux-x86_64 2.4.4 20.83 82.33 103.16 NOTE
r-release-windows-ix86+x86_64 2.4.4 66.00 227.00 293.00 NOTE
r-release-osx-x86_64 2.4.4 NOTE
r-oldrel-windows-ix86+x86_64 2.4.4 55.00 209.00 264.00 OK
r-oldrel-osx-x86_64 2.4.4 NOTE

Additional issues

LTO

Check Details

Version: 2.4.4
Check: package dependencies
Result: NOTE
    Package suggested but not available for checking: 'INLA'
Flavors: r-devel-linux-x86_64-debian-clang, r-devel-linux-x86_64-debian-gcc, r-patched-linux-x86_64, r-patched-solaris-x86, r-release-linux-x86_64, r-release-osx-x86_64, r-oldrel-osx-x86_64

Version: 2.4.4
Check: whether package can be installed
Result: NOTE
    Found the following notes/warnings:
     Non-staged installation was used
Flavors: r-devel-windows-ix86+x86_64, r-release-windows-ix86+x86_64