CRAN Package Check Results for Package exif

Last updated on 2020-10-23 01:48:53 CEST.

Flavor Version Tinstall Tcheck Ttotal Status Flags
r-devel-linux-x86_64-debian-clang 0.1.0 21.79 25.94 47.73 OK
r-devel-linux-x86_64-debian-gcc 0.1.0 16.17 20.47 36.64 OK
r-devel-linux-x86_64-fedora-clang 0.1.0 73.73 NOTE
r-devel-linux-x86_64-fedora-gcc 0.1.0 61.26 NOTE
r-patched-linux-x86_64 0.1.0 21.27 25.05 46.32 OK
r-patched-solaris-x86 0.1.0 70.20 OK
r-release-linux-x86_64 0.1.0 19.74 24.96 44.70 OK
r-release-macos-x86_64 0.1.0 OK
r-oldrel-macos-x86_64 0.1.0 OK

Check Details

Version: 0.1.0
Check: compiled code
Result: NOTE
    File ‘exif/libs/exif.so’:
     Found no calls to: ‘R_registerRoutines’, ‘R_useDynamicSymbols’
    
    It is good practice to register native routines and to disable symbol
    search.
    
    See ‘Writing portable packages’ in the ‘Writing R Extensions’ manual.
Flavors: r-devel-linux-x86_64-fedora-clang, r-devel-linux-x86_64-fedora-gcc