CRAN Package Check Results for Package exif

Last updated on 2019-06-20 10:51:42 CEST.

Flavor Version Tinstall Tcheck Ttotal Status Flags
r-devel-linux-x86_64-debian-clang 0.1.0 16.75 22.14 38.89 OK
r-devel-linux-x86_64-debian-gcc 0.1.0 14.34 18.01 32.35 OK
r-devel-linux-x86_64-fedora-clang 0.1.0 56.52 NOTE
r-devel-linux-x86_64-fedora-gcc 0.1.0 51.44 NOTE
r-patched-linux-x86_64 0.1.0 16.89 22.19 39.08 OK
r-patched-solaris-x86 0.1.0 67.00 OK
r-release-linux-x86_64 0.1.0 17.31 22.03 39.34 OK
r-release-osx-x86_64 0.1.0 OK
r-oldrel-osx-x86_64 0.1.0 OK

Check Details

Version: 0.1.0
Check: compiled code
Result: NOTE
    File ‘exif/libs/exif.so’:
     Found no calls to: ‘R_registerRoutines’, ‘R_useDynamicSymbols’
    
    It is good practice to register native routines and to disable symbol
    search.
    
    See ‘Writing portable packages’ in the ‘Writing R Extensions’ manual.
Flavors: r-devel-linux-x86_64-fedora-clang, r-devel-linux-x86_64-fedora-gcc