CRAN Package Check Results for Package exif

Last updated on 2024-02-22 07:52:09 CET.

Flavor Version Tinstall Tcheck Ttotal Status Flags
r-devel-linux-x86_64-debian-clang 0.1.0 NOTE
r-devel-linux-x86_64-debian-gcc 0.1.0 17.12 21.66 38.78 NOTE
r-devel-linux-x86_64-fedora-clang 0.1.0 72.39 NOTE
r-devel-linux-x86_64-fedora-gcc 0.1.0 70.42 NOTE
r-patched-linux-x86_64 0.1.0 21.30 27.85 49.15 NOTE
r-release-linux-x86_64 0.1.0 22.23 27.30 49.53 NOTE
r-release-macos-arm64 0.1.0 25.00 NOTE
r-release-macos-x86_64 0.1.0 36.00 NOTE
r-oldrel-macos-arm64 0.1.0 25.00 OK

Check Details

Version: 0.1.0
Check: C++ specification
Result: NOTE Specified C++11: please drop specification unless essential Flavors: r-devel-linux-x86_64-debian-clang, r-devel-linux-x86_64-debian-gcc, r-devel-linux-x86_64-fedora-clang, r-devel-linux-x86_64-fedora-gcc, r-patched-linux-x86_64, r-release-linux-x86_64, r-release-macos-arm64, r-release-macos-x86_64

Version: 0.1.0
Check: compiled code
Result: NOTE File ‘exif/libs/exif.so’: Found no calls to: ‘R_registerRoutines’, ‘R_useDynamicSymbols’ It is good practice to register native routines and to disable symbol search. See ‘Writing portable packages’ in the ‘Writing R Extensions’ manual. Flavors: r-devel-linux-x86_64-fedora-clang, r-devel-linux-x86_64-fedora-gcc