CRAN Package Check Results for Package exifr

Last updated on 2022-06-28 10:49:06 CEST.

Flavor Version Tinstall Tcheck Ttotal Status Flags
r-devel-linux-x86_64-debian-clang 0.3.2 2.80 66.95 69.75 NOTE
r-devel-linux-x86_64-debian-gcc 0.3.2 2.49 48.95 51.44 NOTE
r-devel-linux-x86_64-fedora-clang 0.3.2 100.80 NOTE
r-devel-linux-x86_64-fedora-gcc 0.3.2 98.94 NOTE
r-devel-windows-x86_64 0.3.2 37.00 117.00 154.00 NOTE
r-patched-linux-x86_64 0.3.2 2.86 66.71 69.57 NOTE
r-release-linux-x86_64 0.3.2 2.79 64.72 67.51 NOTE
r-release-macos-arm64 0.3.2 32.00 NOTE
r-release-macos-x86_64 0.3.2 49.00 NOTE
r-release-windows-x86_64 0.3.2 46.00 110.00 156.00 NOTE
r-oldrel-macos-arm64 0.3.2 42.00 NOTE
r-oldrel-macos-x86_64 0.3.2 47.00 NOTE
r-oldrel-windows-ix86+x86_64 0.3.2 14.00 116.00 130.00 NOTE

Check Details

Version: 0.3.2
Check: LazyData
Result: NOTE
     'LazyData' is specified without a 'data' directory
Flavors: r-devel-linux-x86_64-debian-clang, r-devel-linux-x86_64-debian-gcc, r-devel-linux-x86_64-fedora-clang, r-devel-linux-x86_64-fedora-gcc, r-devel-windows-x86_64, r-patched-linux-x86_64, r-release-linux-x86_64, r-release-macos-arm64, r-release-macos-x86_64, r-release-windows-x86_64, r-oldrel-macos-arm64, r-oldrel-macos-x86_64, r-oldrel-windows-ix86+x86_64

Version: 0.3.2
Check: installed package size
Result: NOTE
     installed size is 14.2Mb
     sub-directories of 1Mb or more:
     exiftool 14.1Mb
Flavors: r-devel-windows-x86_64, r-release-macos-arm64, r-release-macos-x86_64, r-release-windows-x86_64, r-oldrel-macos-arm64, r-oldrel-macos-x86_64