CRAN Package Check Results for Package exifr

Last updated on 2019-04-25 15:53:55 CEST.

Flavor Version Tinstall Tcheck Ttotal Status Flags
r-devel-linux-x86_64-debian-clang 0.3.1 2.52 56.39 58.91 OK
r-devel-linux-x86_64-debian-gcc 0.3.1 2.05 42.89 44.94 OK
r-devel-linux-x86_64-fedora-clang 0.3.1 74.80 OK
r-devel-linux-x86_64-fedora-gcc 0.3.1 72.44 OK
r-devel-windows-ix86+x86_64 0.3.1 13.00 146.00 159.00 OK
r-patched-linux-x86_64 0.3.1 2.27 56.33 58.60 OK
r-patched-solaris-x86 0.3.1 98.30 NOTE
r-release-linux-x86_64 0.3.1 1.44 55.27 56.71 OK
r-release-windows-ix86+x86_64 0.3.1 15.00 153.00 168.00 OK
r-release-osx-x86_64 0.3.1 NOTE
r-oldrel-windows-ix86+x86_64 0.3.1 6.00 101.00 107.00 OK
r-oldrel-osx-x86_64 0.3.1 NOTE

Check Details

Version: 0.3.1
Check: installed package size
Result: NOTE
     installed size is 14.5Mb
     sub-directories of 1Mb or more:
     exiftool 14.4Mb
Flavors: r-patched-solaris-x86, r-release-osx-x86_64, r-oldrel-osx-x86_64