CRAN Package Check Results for Package exifr

Last updated on 2022-11-27 11:55:47 CET.

Flavor Version Tinstall Tcheck Ttotal Status Flags
r-devel-linux-x86_64-debian-clang 0.3.2 2.70 66.97 69.67 NOTE
r-devel-linux-x86_64-debian-gcc 0.3.2 2.40 48.98 51.38 NOTE
r-devel-linux-x86_64-fedora-clang 0.3.2 102.33 NOTE
r-devel-linux-x86_64-fedora-gcc 0.3.2 107.19 NOTE
r-devel-windows-x86_64 0.3.2 40.00 116.00 156.00 NOTE
r-patched-linux-x86_64 0.3.2 3.13 65.18 68.31 NOTE
r-release-linux-x86_64 0.3.2 2.47 65.82 68.29 NOTE
r-release-macos-arm64 0.3.2 32.00 NOTE
r-release-macos-x86_64 0.3.2 49.00 NOTE
r-release-windows-x86_64 0.3.2 56.00 115.00 171.00 NOTE
r-oldrel-macos-arm64 0.3.2 42.00 NOTE
r-oldrel-macos-x86_64 0.3.2 47.00 NOTE
r-oldrel-windows-ix86+x86_64 0.3.2 11.00 120.00 131.00 NOTE

Check Details

Version: 0.3.2
Check: LazyData
Result: NOTE
     'LazyData' is specified without a 'data' directory
Flavors: r-devel-linux-x86_64-debian-clang, r-devel-linux-x86_64-debian-gcc, r-devel-linux-x86_64-fedora-clang, r-devel-linux-x86_64-fedora-gcc, r-devel-windows-x86_64, r-patched-linux-x86_64, r-release-linux-x86_64, r-release-macos-arm64, r-release-macos-x86_64, r-release-windows-x86_64, r-oldrel-macos-arm64, r-oldrel-macos-x86_64, r-oldrel-windows-ix86+x86_64

Version: 0.3.2
Check: installed package size
Result: NOTE
     installed size is 14.2Mb
     sub-directories of 1Mb or more:
     exiftool 14.1Mb
Flavors: r-devel-windows-x86_64, r-release-macos-arm64, r-release-macos-x86_64, r-release-windows-x86_64, r-oldrel-macos-arm64, r-oldrel-macos-x86_64