CRAN Package Check Results for Package exifr

Last updated on 2021-06-24 22:54:25 CEST.

Flavor Version Tinstall Tcheck Ttotal Status Flags
r-devel-linux-x86_64-debian-clang 0.3.2 2.96 62.74 65.70 NOTE
r-devel-linux-x86_64-debian-gcc 0.3.2 2.32 46.70 49.02 NOTE
r-devel-linux-x86_64-fedora-clang 0.3.2 94.10 NOTE
r-devel-linux-x86_64-fedora-gcc 0.3.2 81.82 NOTE
r-devel-windows-x86_64 0.3.2 7.00 88.00 95.00 NOTE
r-devel-windows-x86_64-gcc10-UCRT 0.3.2 NOTE
r-patched-linux-x86_64 0.3.2 3.01 62.71 65.72 NOTE
r-patched-solaris-x86 0.3.2 106.50 NOTE
r-release-linux-x86_64 0.3.2 2.76 63.45 66.21 NOTE
r-release-macos-arm64 0.3.2 NOTE
r-release-macos-x86_64 0.3.2 NOTE
r-release-windows-ix86+x86_64 0.3.2 8.00 84.00 92.00 NOTE
r-oldrel-macos-x86_64 0.3.2 NOTE
r-oldrel-windows-ix86+x86_64 0.3.2 12.00 101.00 113.00 OK

Check Details

Version: 0.3.2
Check: LazyData
Result: NOTE
     'LazyData' is specified without a 'data' directory
Flavors: r-devel-linux-x86_64-debian-clang, r-devel-linux-x86_64-debian-gcc, r-devel-linux-x86_64-fedora-clang, r-devel-linux-x86_64-fedora-gcc, r-devel-windows-x86_64, r-devel-windows-x86_64-gcc10-UCRT, r-patched-linux-x86_64, r-patched-solaris-x86, r-release-linux-x86_64, r-release-macos-arm64, r-release-macos-x86_64, r-release-windows-ix86+x86_64

Version: 0.3.2
Check: installed package size
Result: NOTE
     installed size is 15.6Mb
     sub-directories of 1Mb or more:
     exiftool 15.5Mb
Flavors: r-patched-solaris-x86, r-release-macos-arm64, r-release-macos-x86_64, r-oldrel-macos-x86_64