CRAN Package Check Results for Package expDB

Last updated on 2022-10-04 10:49:33 CEST.

Flavor Version Tinstall Tcheck Ttotal Status Flags
r-devel-linux-x86_64-debian-clang 0.1.0 6.19 49.46 55.65 OK
r-devel-linux-x86_64-debian-gcc 0.1.0 3.45 37.76 41.21 OK
r-devel-linux-x86_64-fedora-clang 0.1.0 82.39 NOTE
r-devel-linux-x86_64-fedora-gcc 0.1.0 81.91 NOTE
r-devel-windows-x86_64 0.1.0 30.00 80.00 110.00 OK
r-patched-linux-x86_64 0.1.0 4.54 47.29 51.83 OK
r-release-linux-x86_64 0.1.0 4.35 46.64 50.99 OK
r-release-macos-arm64 0.1.0 24.00 NOTE
r-release-macos-x86_64 0.1.0 38.00 NOTE
r-release-windows-x86_64 0.1.0 37.00 74.00 111.00 OK
r-oldrel-macos-arm64 0.1.0 26.00 NOTE
r-oldrel-macos-x86_64 0.1.0 31.00 NOTE
r-oldrel-windows-ix86+x86_64 0.1.0 14.00 71.00 85.00 OK

Check Details

Version: 0.1.0
Check: dependencies in R code
Result: NOTE
    Namespace in Imports field not imported from: ‘tidyverse’
     All declared Imports should be used.
Flavors: r-devel-linux-x86_64-fedora-clang, r-devel-linux-x86_64-fedora-gcc, r-release-macos-arm64, r-release-macos-x86_64, r-oldrel-macos-arm64, r-oldrel-macos-x86_64