CRAN Package Check Results for Package expSBM

Last updated on 2024-02-28 15:49:21 CET.

Flavor Version Tinstall Tcheck Ttotal Status Flags
r-devel-linux-x86_64-debian-clang 1.3.5 79.74 35.20 114.94 NOTE
r-devel-linux-x86_64-debian-gcc 1.3.5 61.61 27.08 88.69 NOTE
r-devel-linux-x86_64-fedora-clang 1.3.5 186.08 NOTE
r-devel-linux-x86_64-fedora-gcc 1.3.5 177.81 NOTE
r-devel-windows-x86_64 1.3.5 65.00 69.00 134.00 NOTE
r-patched-linux-x86_64 1.3.5 76.50 36.28 112.78 NOTE
r-release-linux-x86_64 1.3.5 75.79 34.71 110.50 NOTE
r-release-macos-arm64 1.3.5 42.00 NOTE
r-release-macos-x86_64 1.3.5 71.00 NOTE
r-release-windows-x86_64 1.3.5 80.00 75.00 155.00 NOTE
r-oldrel-macos-arm64 1.3.5 38.00 OK
r-oldrel-windows-x86_64 1.3.5 79.00 79.00 158.00 OK

Check Details

Version: 1.3.5
Check: C++ specification
Result: NOTE Specified C++11: please drop specification unless essential Flavors: r-devel-linux-x86_64-debian-clang, r-devel-linux-x86_64-debian-gcc, r-devel-linux-x86_64-fedora-clang, r-devel-linux-x86_64-fedora-gcc, r-devel-windows-x86_64, r-patched-linux-x86_64, r-release-linux-x86_64, r-release-macos-arm64, r-release-macos-x86_64, r-release-windows-x86_64