CRAN Package Check Results for Package experDesign

Last updated on 2021-09-21 14:51:25 CEST.

Flavor Version Tinstall Tcheck Ttotal Status Flags
r-devel-linux-x86_64-debian-clang 0.1.0 3.08 141.33 144.41 OK
r-devel-linux-x86_64-debian-gcc 0.1.0 2.31 99.13 101.44 OK
r-devel-linux-x86_64-fedora-clang 0.1.0 164.90 OK
r-devel-linux-x86_64-fedora-gcc 0.1.0 158.61 OK
r-devel-windows-x86_64 0.1.0 5.00 124.00 129.00 OK
r-devel-windows-x86_64-gcc10-UCRT 0.1.0 ERROR
r-patched-linux-x86_64 0.1.0 2.76 130.80 133.56 OK
r-patched-solaris-x86 0.1.0 187.70 OK
r-release-linux-x86_64 0.1.0 2.48 126.89 129.37 OK
r-release-macos-arm64 0.1.0 OK
r-release-macos-x86_64 0.1.0 OK
r-release-windows-ix86+x86_64 0.1.0 7.00 118.00 125.00 OK
r-oldrel-macos-x86_64 0.1.0 OK
r-oldrel-windows-ix86+x86_64 0.1.0 6.00 168.00 174.00 OK

Check Details

Version: 0.1.0
Check: whether package can be installed
Result: WARN
    Found the following significant warnings:
     WARNING: installation-time patches will not be applied, could not get the patches index
Flavor: r-devel-windows-x86_64-gcc10-UCRT

Version: 0.1.0
Check: PDF version of manual
Result: WARN
    LaTeX errors when creating PDF version.
    This typically indicates Rd problems.
Flavor: r-devel-windows-x86_64-gcc10-UCRT

Version: 0.1.0
Check: PDF version of manual without hyperrefs or index
Result: ERROR
    Re-running with no redirection of stdout/stderr.
Flavor: r-devel-windows-x86_64-gcc10-UCRT