CRAN Package Check Results for Package explainer

Last updated on 2024-06-15 11:50:06 CEST.

Flavor Version Tinstall Tcheck Ttotal Status Flags
r-devel-linux-x86_64-debian-clang 1.0.1 9.76 92.70 102.46 OK
r-devel-linux-x86_64-debian-gcc 1.0.1 7.98 66.87 74.85 OK
r-devel-linux-x86_64-fedora-clang 1.0.1 129.88 NOTE
r-devel-linux-x86_64-fedora-gcc 1.0.1 121.35 NOTE
r-devel-windows-x86_64 1.0.1 10.00 84.00 94.00 OK
r-patched-linux-x86_64 1.0.1 8.01 85.97 93.98 OK
r-release-linux-x86_64 1.0.1 8.92 87.43 96.35 OK
r-release-macos-arm64 1.0.1 35.00 OK
r-release-macos-x86_64 1.0.1 52.00 OK
r-release-windows-x86_64 1.0.1 10.00 86.00 96.00 OK
r-oldrel-macos-arm64 1.0.1 38.00 OK
r-oldrel-macos-x86_64 1.0.1 68.00 OK
r-oldrel-windows-x86_64 1.0.1 12.00 108.00 120.00 OK

Check Details

Version: 1.0.1
Check: dependencies in R code
Result: NOTE Namespace in Imports field not imported from: ‘ggpmisc’ All declared Imports should be used. Flavors: r-devel-linux-x86_64-fedora-clang, r-devel-linux-x86_64-fedora-gcc