Last updated on 2023-12-09 06:48:24 CET.
Flavor | Version | Tinstall | Tcheck | Ttotal | Status | Flags |
---|---|---|---|---|---|---|
r-devel-linux-x86_64-debian-clang | 0.1 | 2.37 | 34.27 | 36.64 | NOTE | |
r-devel-linux-x86_64-debian-gcc | 0.1 | 1.86 | 26.29 | 28.15 | NOTE | |
r-devel-linux-x86_64-fedora-clang | 0.1 | 47.09 | NOTE | |||
r-devel-linux-x86_64-fedora-gcc | 0.1 | 56.25 | NOTE | |||
r-devel-windows-x86_64 | 0.1 | 3.00 | 50.00 | 53.00 | NOTE | |
r-patched-linux-x86_64 | 0.1 | 2.42 | 33.14 | 35.56 | NOTE | |
r-release-linux-x86_64 | 0.1 | 2.05 | 33.92 | 35.97 | NOTE | |
r-release-macos-arm64 | 0.1 | 25.00 | NOTE | |||
r-release-macos-x86_64 | 0.1 | 35.00 | NOTE | |||
r-release-windows-x86_64 | 0.1 | 4.00 | 51.00 | 55.00 | NOTE | |
r-oldrel-macos-arm64 | 0.1 | 20.00 | NOTE | |||
r-oldrel-macos-x86_64 | 0.1 | 35.00 | NOTE | |||
r-oldrel-windows-x86_64 | 0.1 | 4.00 | 54.00 | 58.00 | NOTE |
Version: 0.1
Check: LazyData
Result: NOTE
'LazyData' is specified without a 'data' directory
Flavors: r-devel-linux-x86_64-debian-clang, r-devel-linux-x86_64-debian-gcc, r-devel-linux-x86_64-fedora-clang, r-devel-linux-x86_64-fedora-gcc, r-devel-windows-x86_64, r-patched-linux-x86_64, r-release-linux-x86_64, r-release-macos-arm64, r-release-macos-x86_64, r-release-windows-x86_64, r-oldrel-macos-arm64, r-oldrel-macos-x86_64, r-oldrel-windows-x86_64