CRAN Package Check Results for Package expp

Last updated on 2019-03-19 02:49:54 CET.

Flavor Version Tinstall Tcheck Ttotal Status Flags
r-devel-linux-x86_64-debian-clang 1.2.4 10.22 99.89 110.11 OK
r-devel-linux-x86_64-debian-gcc 1.2.4 9.21 81.47 90.68 OK
r-devel-linux-x86_64-fedora-clang 1.2.4 134.36 OK
r-devel-linux-x86_64-fedora-gcc 1.2.4 127.16 OK
r-devel-windows-ix86+x86_64 1.2.4 28.00 138.00 166.00 OK
r-patched-linux-x86_64 1.2.4 7.24 92.15 99.39 OK
r-patched-solaris-x86 1.2.4 195.80 OK
r-release-linux-x86_64 1.2.4 5.97 90.91 96.88 OK
r-release-windows-ix86+x86_64 1.2.4 12.00 141.00 153.00 OK
r-release-osx-x86_64 1.2.4 OK
r-oldrel-osx-x86_64 1.2.4 ERROR

Check Details

Version: 1.2.4
Check: whether package can be installed
Result: ERROR
    Installation failed.
Flavor: r-oldrel-osx-x86_64