CRAN Package Check Results for Package extraBinomial

Last updated on 2021-10-17 16:49:23 CEST.

Flavor Version Tinstall Tcheck Ttotal Status Flags
r-devel-linux-x86_64-debian-clang 2.1 2.24 20.09 22.33 NOTE
r-devel-linux-x86_64-debian-gcc 2.1 1.63 15.94 17.57 NOTE
r-devel-linux-x86_64-fedora-clang 2.1 37.44 NOTE
r-devel-linux-x86_64-fedora-gcc 2.1 26.66 NOTE
r-devel-windows-x86_64 2.1 4.00 33.00 37.00 NOTE
r-devel-windows-x86_64-gcc10-UCRT 2.1 NOTE
r-patched-linux-x86_64 2.1 2.09 19.53 21.62 NOTE
r-patched-solaris-x86 2.1 41.30 NOTE
r-release-linux-x86_64 2.1 1.94 19.57 21.51 NOTE
r-release-macos-arm64 2.1 NOTE
r-release-macos-x86_64 2.1 NOTE
r-release-windows-ix86+x86_64 2.1 4.00 24.00 28.00 NOTE
r-oldrel-macos-x86_64 2.1 NOTE
r-oldrel-windows-ix86+x86_64 2.1 4.00 25.00 29.00 NOTE

Check Details

Version: 2.1
Check: R code for possible problems
Result: NOTE
    exbio: no visible global function definition for 'as.formula'
    exbio: no visible global function definition for 'glm'
    exbio: no visible binding for global variable 'gaussian'
    exbio: no visible global function definition for 'Gamma'
    exbio: no visible global function definition for 'pchisq'
    Undefined global functions or variables:
     Gamma as.formula gaussian glm pchisq
    Consider adding
     importFrom("stats", "Gamma", "as.formula", "gaussian", "glm", "pchisq")
    to your NAMESPACE file.
Flavors: r-devel-linux-x86_64-debian-clang, r-devel-linux-x86_64-debian-gcc, r-devel-linux-x86_64-fedora-clang, r-devel-linux-x86_64-fedora-gcc, r-devel-windows-x86_64, r-devel-windows-x86_64-gcc10-UCRT, r-patched-linux-x86_64, r-patched-solaris-x86, r-release-linux-x86_64, r-release-macos-arm64, r-release-macos-x86_64, r-release-windows-ix86+x86_64, r-oldrel-macos-x86_64, r-oldrel-windows-ix86+x86_64

Version: 2.1
Check: Rd line widths
Result: NOTE
    Rd file 'exbio.Rd':
     \usage lines wider than 90 characters:
     exbio(R, R.alt, cc, n, tol = 0.001, a.start = 1, b.start = 1, max.it = 1000, digits = NULL, model.maf = TRUE)
    
    These lines will be truncated in the PDF manual.
Flavors: r-devel-linux-x86_64-debian-clang, r-devel-linux-x86_64-debian-gcc, r-devel-linux-x86_64-fedora-clang, r-devel-linux-x86_64-fedora-gcc, r-patched-linux-x86_64, r-release-linux-x86_64