CRAN Package Check Results for Package extraDistr

Last updated on 2019-08-17 18:46:10 CEST.

Flavor Version Tinstall Tcheck Ttotal Status Flags
r-devel-linux-x86_64-debian-clang 1.8.11 396.87 68.46 465.33 OK
r-devel-linux-x86_64-debian-gcc 1.8.11 277.95 53.42 331.37 OK
r-devel-linux-x86_64-fedora-clang 1.8.11 706.72 NOTE
r-devel-linux-x86_64-fedora-gcc 1.8.11 646.10 OK
r-devel-windows-ix86+x86_64 1.8.11 1183.00 201.00 1384.00 OK
r-patched-linux-x86_64 1.8.11 345.23 67.87 413.10 OK
r-patched-solaris-x86 1.8.11 600.40 OK
r-release-linux-x86_64 1.8.11 343.79 67.01 410.80 OK
r-release-windows-ix86+x86_64 1.8.11 1077.00 199.00 1276.00 OK
r-release-osx-x86_64 1.8.11 NOTE
r-oldrel-windows-ix86+x86_64 1.8.11 1246.00 184.00 1430.00 OK
r-oldrel-osx-x86_64 1.8.11 NOTE

Check Details

Version: 1.8.11
Check: installed package size
Result: NOTE
     installed size is 13.2Mb
     sub-directories of 1Mb or more:
     libs 12.8Mb
Flavors: r-devel-linux-x86_64-fedora-clang, r-release-osx-x86_64, r-oldrel-osx-x86_64