CRAN Package Check Results for Package extraDistr

Last updated on 2018-12-13 00:47:10 CET.

Flavor Version Tinstall Tcheck Ttotal Status Flags
r-devel-linux-x86_64-debian-clang 1.8.10 374.76 71.50 446.26 OK
r-devel-linux-x86_64-debian-gcc 1.8.10 310.35 55.73 366.08 OK
r-devel-linux-x86_64-fedora-clang 1.8.10 716.51 NOTE
r-devel-linux-x86_64-fedora-gcc 1.8.10 613.15 OK
r-devel-windows-ix86+x86_64 1.8.10 1115.00 142.00 1257.00 OK
r-patched-linux-x86_64 1.8.10 386.65 65.94 452.59 OK
r-patched-solaris-x86 1.8.10 582.90 OK
r-release-linux-x86_64 1.8.10 395.37 65.97 461.34 OK
r-release-windows-ix86+x86_64 1.8.10 1136.00 149.00 1285.00 OK
r-release-osx-x86_64 1.8.10 NOTE
r-oldrel-windows-ix86+x86_64 1.8.10 853.00 201.00 1054.00 OK
r-oldrel-osx-x86_64 1.8.10 NOTE

Check Details

Version: 1.8.10
Check: installed package size
Result: NOTE
     installed size is 14.1Mb
     sub-directories of 1Mb or more:
     libs 13.7Mb
Flavors: r-devel-linux-x86_64-fedora-clang, r-release-osx-x86_64, r-oldrel-osx-x86_64