CRAN Package Check Results for Package extraDistr

Last updated on 2020-06-04 19:48:55 CEST.

Flavor Version Tinstall Tcheck Ttotal Status Flags
r-devel-linux-x86_64-debian-clang 1.8.11 477.74 73.83 551.57 OK
r-devel-linux-x86_64-debian-gcc 1.8.11 339.17 57.58 396.75 OK
r-devel-linux-x86_64-fedora-clang 1.8.11 823.05 NOTE
r-devel-linux-x86_64-fedora-gcc 1.8.11 677.41 OK
r-devel-windows-ix86+x86_64 1.8.11 1134.00 213.00 1347.00 OK
r-patched-linux-x86_64 1.8.11 366.24 71.91 438.15 OK
r-patched-solaris-x86 1.8.11 578.80 OK
r-release-linux-x86_64 1.8.11 371.23 72.99 444.22 OK
r-release-osx-x86_64 1.8.11 NOTE
r-release-windows-ix86+x86_64 1.8.11 902.00 198.00 1100.00 OK
r-oldrel-osx-x86_64 1.8.11 NOTE
r-oldrel-windows-ix86+x86_64 1.8.11 1165.00 160.00 1325.00 OK

Check Details

Version: 1.8.11
Check: installed package size
Result: NOTE
     installed size is 17.9Mb
     sub-directories of 1Mb or more:
     libs 17.5Mb
Flavors: r-devel-linux-x86_64-fedora-clang, r-release-osx-x86_64, r-oldrel-osx-x86_64