CRAN Package Check Results for Package extraTrees

Last updated on 2021-05-17 16:48:20 CEST.

Flavor Version Tinstall Tcheck Ttotal Status Flags
r-devel-linux-x86_64-debian-clang 1.0.5 3.94 57.93 61.87 NOTE
r-devel-linux-x86_64-debian-gcc 1.0.5 2.96 46.21 49.17 NOTE
r-devel-linux-x86_64-fedora-clang 1.0.5 86.73 NOTE
r-devel-linux-x86_64-fedora-gcc 1.0.5 74.06 NOTE
r-devel-windows-ix86+x86_64 1.0.5 10.00 55.00 65.00 NOTE
r-devel-windows-x86_64-gcc10-UCRT 1.0.5 NOTE
r-patched-linux-x86_64 1.0.5 3.55 57.48 61.03 NOTE
r-patched-solaris-x86 1.0.5 100.30 NOTE
r-release-linux-x86_64 1.0.5 3.67 55.72 59.39 NOTE
r-release-macos-x86_64 1.0.5 NOTE
r-release-windows-ix86+x86_64 1.0.5 8.00 54.00 62.00 NOTE
r-oldrel-macos-x86_64 1.0.5 NOTE
r-oldrel-windows-ix86+x86_64 1.0.5 6.00 72.00 78.00 NOTE

Check Details

Version: 1.0.5
Check: R code for possible problems
Result: NOTE
    toJavaMatrix2D: no visible global function definition for 'is'
    Undefined global functions or variables:
     is
    Consider adding
     importFrom("methods", "is")
    to your NAMESPACE file (and ensure that your DESCRIPTION Imports field
    contains 'methods').
Flavors: r-devel-linux-x86_64-debian-clang, r-devel-linux-x86_64-debian-gcc, r-devel-linux-x86_64-fedora-clang, r-devel-linux-x86_64-fedora-gcc, r-devel-windows-ix86+x86_64, r-devel-windows-x86_64-gcc10-UCRT, r-patched-linux-x86_64, r-patched-solaris-x86, r-release-linux-x86_64, r-release-macos-x86_64, r-release-windows-ix86+x86_64, r-oldrel-macos-x86_64, r-oldrel-windows-ix86+x86_64

Version: 1.0.5
Check: for non-standard things in the check directory
Result: NOTE
    Found the following files/directories:
     'temp.Rdata'
Flavors: r-devel-linux-x86_64-debian-clang, r-devel-linux-x86_64-debian-gcc, r-devel-linux-x86_64-fedora-clang, r-devel-linux-x86_64-fedora-gcc, r-patched-linux-x86_64, r-patched-solaris-x86, r-release-linux-x86_64