CRAN Package Check Results for Package extraTrees

Last updated on 2021-03-01 15:47:27 CET.

Flavor Version Tinstall Tcheck Ttotal Status Flags
r-devel-linux-x86_64-debian-clang 1.0.5 NOTE
r-devel-linux-x86_64-debian-gcc 1.0.5 3.13 45.01 48.14 NOTE
r-devel-linux-x86_64-fedora-clang 1.0.5 85.84 NOTE
r-devel-linux-x86_64-fedora-gcc 1.0.5 74.89 NOTE
r-devel-windows-ix86+x86_64 1.0.5 7.00 54.00 61.00 NOTE
r-patched-linux-x86_64 1.0.5 3.76 56.33 60.09 NOTE
r-patched-solaris-x86 1.0.5 104.50 NOTE
r-release-linux-x86_64 1.0.5 3.32 56.83 60.15 NOTE
r-release-macos-x86_64 1.0.5 NOTE
r-release-windows-ix86+x86_64 1.0.5 29.00 74.00 103.00 NOTE
r-oldrel-macos-x86_64 1.0.5 NOTE
r-oldrel-windows-ix86+x86_64 1.0.5 6.00 73.00 79.00 NOTE

Check Details

Version: 1.0.5
Check: R code for possible problems
Result: NOTE
    toJavaMatrix2D: no visible global function definition for 'is'
    Undefined global functions or variables:
     is
    Consider adding
     importFrom("methods", "is")
    to your NAMESPACE file (and ensure that your DESCRIPTION Imports field
    contains 'methods').
Flavors: r-devel-linux-x86_64-debian-clang, r-devel-linux-x86_64-debian-gcc, r-devel-linux-x86_64-fedora-clang, r-devel-linux-x86_64-fedora-gcc, r-devel-windows-ix86+x86_64, r-patched-linux-x86_64, r-patched-solaris-x86, r-release-linux-x86_64, r-release-macos-x86_64, r-release-windows-ix86+x86_64, r-oldrel-macos-x86_64, r-oldrel-windows-ix86+x86_64

Version: 1.0.5
Check: for non-standard things in the check directory
Result: NOTE
    Found the following files/directories:
     'temp.Rdata'
Flavors: r-devel-linux-x86_64-debian-clang, r-devel-linux-x86_64-debian-gcc, r-devel-linux-x86_64-fedora-clang, r-devel-linux-x86_64-fedora-gcc, r-patched-linux-x86_64, r-patched-solaris-x86, r-release-linux-x86_64