CRAN Package Check Results for Package extracat

Last updated on 2017-09-23 08:48:20.

Flavor Version Tinstall Tcheck Ttotal Status Flags
r-devel-linux-x86_64-debian-clang 1.7-4 8.38 71.97 80.35 NOTE
r-devel-linux-x86_64-debian-gcc 1.7-4 8.83 68.26 77.09 NOTE
r-devel-linux-x86_64-fedora-clang 1.7-4 146.73 NOTE
r-devel-linux-x86_64-fedora-gcc 1.7-4 143.21 NOTE
r-devel-windows-ix86+x86_64 1.7-4 18.00 148.00 166.00 OK
r-patched-linux-x86_64 1.7-4 8.63 69.10 77.73 NOTE
r-patched-solaris-x86 1.7-4 191.40 OK
r-release-linux-x86_64 1.7-4 8.74 71.29 80.04 NOTE
r-release-windows-ix86+x86_64 1.7-4 19.00 144.00 163.00 OK
r-release-osx-x86_64 1.7-4 OK
r-oldrel-windows-ix86+x86_64 1.7-4 20.00 129.00 149.00 OK
r-oldrel-osx-x86_64 1.7-4 OK

Additional issues

rchk

Check Details

Version: 1.7-4
Check: compiled code
Result: NOTE
    File ‘extracat/libs/extracat.so’:
     Found no calls to: ‘R_registerRoutines’, ‘R_useDynamicSymbols’
    
    It is good practice to register native routines and to disable symbol
    search.
    
    See ‘Writing portable packages’ in the ‘Writing R Extensions’ manual.
Flavors: r-devel-linux-x86_64-debian-clang, r-devel-linux-x86_64-debian-gcc, r-devel-linux-x86_64-fedora-clang, r-devel-linux-x86_64-fedora-gcc, r-patched-linux-x86_64, r-release-linux-x86_64