CRAN Package Check Results for Package extracat

Last updated on 2018-02-24 18:48:55 CET.

Flavor Version Tinstall Tcheck Ttotal Status Flags
r-devel-linux-x86_64-debian-clang 1.7-4 20.82 97.87 118.69 NOTE
r-devel-linux-x86_64-debian-gcc 1.7-4 21.13 76.31 97.44 NOTE
r-devel-linux-x86_64-fedora-clang 1.7-4 147.24 NOTE
r-devel-linux-x86_64-fedora-gcc 1.7-4 145.00 NOTE
r-devel-windows-ix86+x86_64 1.7-4 40.00 169.00 209.00 OK
r-patched-linux-x86_64 1.7-4 13.23 114.42 127.65 NOTE
r-patched-solaris-x86 1.7-4 187.90 OK
r-release-linux-x86_64 1.7-4 12.09 114.06 126.15 NOTE
r-release-windows-ix86+x86_64 1.7-4 28.00 206.00 234.00 OK
r-release-osx-x86_64 1.7-4 OK
r-oldrel-windows-ix86+x86_64 1.7-4 21.00 146.00 167.00 OK
r-oldrel-osx-x86_64 1.7-4 OK

Additional issues

rchk

Check Details

Version: 1.7-4
Check: compiled code
Result: NOTE
    File ‘extracat/libs/extracat.so’:
     Found no calls to: ‘R_registerRoutines’, ‘R_useDynamicSymbols’
    
    It is good practice to register native routines and to disable symbol
    search.
    
    See ‘Writing portable packages’ in the ‘Writing R Extensions’ manual.
Flavors: r-devel-linux-x86_64-debian-clang, r-devel-linux-x86_64-debian-gcc, r-devel-linux-x86_64-fedora-clang, r-devel-linux-x86_64-fedora-gcc, r-patched-linux-x86_64, r-release-linux-x86_64