CRAN Package Check Results for Package extracat

Last updated on 2017-05-23 11:52:47.

Flavor Version Tinstall Tcheck Ttotal Status Flags
r-devel-linux-x86_64-debian-clang 1.7-4 10.12 70.68 80.80 NOTE
r-devel-linux-x86_64-debian-gcc 1.7-4 8.71 70.76 79.46 NOTE
r-devel-linux-x86_64-fedora-clang 1.7-4 149.98 NOTE --no-stop-on-test-error
r-devel-linux-x86_64-fedora-gcc 1.7-4 140.69 NOTE --no-stop-on-test-error
r-devel-windows-ix86+x86_64 1.7-4 26.00 157.00 183.00 OK
r-patched-linux-x86_64 1.7-4 8.26 69.43 77.69 NOTE
r-patched-solaris-sparc 1.7-4 890.40 OK
r-patched-solaris-x86 1.7-4 185.70 OK
r-release-linux-x86_64 1.7-4 8.68 70.48 79.16 NOTE
r-release-windows-ix86+x86_64 1.7-4 23.00 207.00 230.00 OK
r-release-osx-x86_64 1.7-4 OK
r-oldrel-windows-ix86+x86_64 1.7-4 29.00 174.00 203.00 OK
r-oldrel-osx-x86_64 1.7-4 OK

Check Details

Version: 1.7-4
Check: compiled code
Result: NOTE
    File ‘extracat/libs/extracat.so’:
     Found no calls to: ‘R_registerRoutines’, ‘R_useDynamicSymbols’
    
    It is good practice to register native routines and to disable symbol
    search.
    
    See ‘Writing portable packages’ in the ‘Writing R Extensions’ manual.
Flavors: r-devel-linux-x86_64-debian-clang, r-devel-linux-x86_64-debian-gcc, r-patched-linux-x86_64, r-release-linux-x86_64

Version: 1.7-4
Flags: --no-stop-on-test-error
Check: compiled code
Result: NOTE
    File ‘extracat/libs/extracat.so’:
     Found no calls to: ‘R_registerRoutines’, ‘R_useDynamicSymbols’
    
    It is good practice to register native routines and to disable symbol
    search.
    
    See ‘Writing portable packages’ in the ‘Writing R Extensions’ manual.
Flavors: r-devel-linux-x86_64-fedora-clang, r-devel-linux-x86_64-fedora-gcc