CRAN Package Check Results for Package extracat

Last updated on 2018-04-22 19:46:42 CEST.

Flavor Version Tinstall Tcheck Ttotal Status Flags
r-devel-linux-x86_64-debian-clang 1.7-4 19.57 100.86 120.43 NOTE
r-devel-linux-x86_64-debian-gcc 1.7-4 17.93 76.52 94.45 WARN
r-devel-linux-x86_64-fedora-clang 1.7-4 148.90 NOTE
r-devel-linux-x86_64-fedora-gcc 1.7-4 141.04 WARN
r-devel-windows-ix86+x86_64 1.7-4 43.00 142.00 185.00 WARN
r-devel-osx-x86_64 1.7-4 OK
r-patched-linux-x86_64 1.7-4 23.80 98.28 122.08 WARN
r-patched-solaris-x86 1.7-4 197.80 OK
r-release-linux-x86_64 1.7-4 12.18 115.69 127.87 NOTE
r-release-windows-ix86+x86_64 1.7-4 22.00 225.00 247.00 OK
r-release-osx-x86_64 1.7-4 OK
r-oldrel-windows-ix86+x86_64 1.7-4 26.00 138.00 164.00 OK

Check Details

Version: 1.7-4
Check: compiled code
Result: NOTE
    File ‘extracat/libs/extracat.so’:
     Found no calls to: ‘R_registerRoutines’, ‘R_useDynamicSymbols’
    
    It is good practice to register native routines and to disable symbol
    search.
    
    See ‘Writing portable packages’ in the ‘Writing R Extensions’ manual.
Flavors: r-devel-linux-x86_64-debian-clang, r-devel-linux-x86_64-debian-gcc, r-devel-linux-x86_64-fedora-clang, r-devel-linux-x86_64-fedora-gcc, r-patched-linux-x86_64, r-release-linux-x86_64

Version: 1.7-4
Check: whether package can be installed
Result: WARN
    Found the following significant warnings:
     optile.c:3122:26: warning: suggest parentheses around comparison in operand of ‘&’ [-Wparentheses]
     optile.c:3127:26: warning: suggest parentheses around comparison in operand of ‘&’ [-Wparentheses]
     optile.c:3189:16: warning: suggest parentheses around comparison in operand of ‘&’ [-Wparentheses]
     optile.c:3192:16: warning: suggest parentheses around comparison in operand of ‘&’ [-Wparentheses]
     optile.c:3340:28: warning: suggest parentheses around comparison in operand of ‘&’ [-Wparentheses]
     optile.c:3353:28: warning: suggest parentheses around comparison in operand of ‘&’ [-Wparentheses]
     optile.c:3408:16: warning: suggest parentheses around comparison in operand of ‘&’ [-Wparentheses]
     optile.c:3411:16: warning: suggest parentheses around comparison in operand of ‘&’ [-Wparentheses]
Flavors: r-devel-linux-x86_64-debian-gcc, r-devel-linux-x86_64-fedora-gcc, r-devel-windows-ix86+x86_64, r-patched-linux-x86_64