CRAN Package Check Results for Package extracat

Last updated on 2017-11-21 06:47:32 CET.

Flavor Version Tinstall Tcheck Ttotal Status Flags
r-devel-linux-x86_64-debian-clang 1.7-4 8.07 71.05 79.12 NOTE
r-devel-linux-x86_64-debian-gcc 1.7-4 9.19 68.94 78.13 NOTE
r-devel-linux-x86_64-fedora-clang 1.7-4 133.03 NOTE
r-devel-linux-x86_64-fedora-gcc 1.7-4 175.15 NOTE
r-devel-windows-ix86+x86_64 1.7-4 20.00 145.00 165.00 OK
r-patched-linux-x86_64 1.7-4 8.94 71.60 80.54 NOTE
r-patched-solaris-x86 1.7-4 187.90 OK
r-release-linux-x86_64 1.7-4 8.83 69.42 78.24 NOTE
r-release-windows-ix86+x86_64 1.7-4 22.00 151.00 173.00 OK
r-release-osx-x86_64 1.7-4 OK
r-oldrel-windows-ix86+x86_64 1.7-4 19.00 177.00 196.00 OK
r-oldrel-osx-x86_64 1.7-4 OK

Additional issues

rchk

Check Details

Version: 1.7-4
Check: compiled code
Result: NOTE
    File ‘extracat/libs/extracat.so’:
     Found no calls to: ‘R_registerRoutines’, ‘R_useDynamicSymbols’
    
    It is good practice to register native routines and to disable symbol
    search.
    
    See ‘Writing portable packages’ in the ‘Writing R Extensions’ manual.
Flavors: r-devel-linux-x86_64-debian-clang, r-devel-linux-x86_64-debian-gcc, r-devel-linux-x86_64-fedora-clang, r-devel-linux-x86_64-fedora-gcc, r-patched-linux-x86_64, r-release-linux-x86_64