CRAN Package Check Results for Package extrafontdb

Last updated on 2021-10-18 21:54:57 CEST.

Flavor Version Tinstall Tcheck Ttotal Status Flags
r-devel-linux-x86_64-debian-clang 1.0 1.76 17.61 19.37 NOTE
r-devel-linux-x86_64-debian-gcc 1.0 1.33 14.02 15.35 NOTE
r-devel-linux-x86_64-fedora-clang 1.0 34.01 NOTE
r-devel-linux-x86_64-fedora-gcc 1.0 23.11 NOTE
r-devel-windows-x86_64 1.0 3.00 31.00 34.00 NOTE
r-devel-windows-x86_64-gcc10-UCRT 1.0 NOTE
r-patched-linux-x86_64 1.0 1.70 17.16 18.86 NOTE
r-patched-solaris-x86 1.0 36.80 NOTE
r-release-linux-x86_64 1.0 1.56 17.13 18.69 NOTE
r-release-macos-arm64 1.0 NOTE
r-release-macos-x86_64 1.0 NOTE
r-release-windows-ix86+x86_64 1.0 4.00 22.00 26.00 NOTE
r-oldrel-macos-x86_64 1.0 NOTE
r-oldrel-windows-ix86+x86_64 1.0 4.00 23.00 27.00 NOTE

Check Details

Version: 1.0
Check: DESCRIPTION meta-information
Result: NOTE
    Malformed Description field: should contain one or more complete sentences.
Flavors: r-devel-linux-x86_64-debian-clang, r-devel-linux-x86_64-debian-gcc, r-devel-linux-x86_64-fedora-clang, r-devel-linux-x86_64-fedora-gcc, r-devel-windows-x86_64, r-devel-windows-x86_64-gcc10-UCRT, r-patched-linux-x86_64, r-patched-solaris-x86, r-release-linux-x86_64, r-release-macos-arm64, r-release-macos-x86_64, r-release-windows-ix86+x86_64, r-oldrel-macos-x86_64, r-oldrel-windows-ix86+x86_64