CRAN Package Check Results for Package extremevalues

Last updated on 2023-02-08 02:57:10 CET.

Flavor Version Tinstall Tcheck Ttotal Status Flags
r-devel-linux-x86_64-debian-clang 2.3.3 6.36 57.80 64.16 NOTE
r-devel-linux-x86_64-debian-gcc 2.3.3 4.68 46.23 50.91 NOTE
r-devel-linux-x86_64-fedora-clang 2.3.3 82.37 NOTE
r-devel-linux-x86_64-fedora-gcc 2.3.3 92.13 NOTE
r-devel-windows-x86_64 2.3.3 24.00 100.00 124.00 NOTE
r-patched-linux-x86_64 2.3.3 6.38 55.72 62.10 OK
r-release-linux-x86_64 2.3.3 6.20 57.53 63.73 OK
r-release-macos-arm64 2.3.3 34.00 OK
r-release-macos-x86_64 2.3.3 52.00 OK
r-release-windows-x86_64 2.3.3 33.00 104.00 137.00 OK
r-oldrel-macos-arm64 2.3.3 41.00 OK
r-oldrel-macos-x86_64 2.3.3 64.00 OK
r-oldrel-windows-ix86+x86_64 2.3.3 18.00 85.00 103.00 OK

Check Details

Version: 2.3.3
Check: Rd files
Result: NOTE
    checkRd: (-1) outlierPlot.Rd:30: Escaped LaTeX specials: \$
    checkRd: (-1) outlierPlot.Rd:32: Escaped LaTeX specials: \$
Flavors: r-devel-linux-x86_64-debian-clang, r-devel-linux-x86_64-debian-gcc, r-devel-linux-x86_64-fedora-clang, r-devel-linux-x86_64-fedora-gcc, r-devel-windows-x86_64