CRAN Package Check Results for Package extremis

Last updated on 2020-09-19 00:50:05 CEST.

Flavor Version Tinstall Tcheck Ttotal Status Flags
r-devel-linux-x86_64-debian-clang 0.90 10.17 72.43 82.60 OK
r-devel-linux-x86_64-debian-gcc 0.90 8.67 56.11 64.78 OK
r-devel-linux-x86_64-fedora-clang 0.90 115.21 NOTE
r-devel-linux-x86_64-fedora-gcc 0.90 107.12 NOTE
r-devel-windows-ix86+x86_64 0.90 23.00 128.00 151.00 OK
r-patched-linux-x86_64 0.90 9.23 71.23 80.46 OK
r-patched-solaris-x86 0.90 149.30 OK
r-release-linux-x86_64 0.90 11.28 71.56 82.84 OK
r-release-macos-x86_64 0.90 OK
r-release-windows-ix86+x86_64 0.90 24.00 99.00 123.00 OK
r-oldrel-macos-x86_64 0.90 OK
r-oldrel-windows-ix86+x86_64 0.90 16.00 116.00 132.00 OK

Check Details

Version: 0.90
Check: compiled code
Result: NOTE
    File ‘extremis/libs/extremis.so’:
     Found no calls to: ‘R_registerRoutines’, ‘R_useDynamicSymbols’
    
    It is good practice to register native routines and to disable symbol
    search.
    
    See ‘Writing portable packages’ in the ‘Writing R Extensions’ manual.
Flavors: r-devel-linux-x86_64-fedora-clang, r-devel-linux-x86_64-fedora-gcc