CRAN Package Check Results for Package eyedata

Last updated on 2024-05-21 20:51:21 CEST.

Flavor Version Tinstall Tcheck Ttotal Status Flags
r-devel-linux-x86_64-debian-clang 0.1.0 4.40 25.57 29.97 OK
r-devel-linux-x86_64-debian-gcc 0.1.0 3.58 19.86 23.44 OK
r-devel-linux-x86_64-fedora-clang 0.1.0 39.52 NOTE
r-devel-linux-x86_64-fedora-gcc 0.1.0 36.55 NOTE
r-devel-windows-x86_64 0.1.0 6.00 43.00 49.00 OK
r-patched-linux-x86_64 0.1.0 3.68 25.30 28.98 OK
r-release-linux-x86_64 0.1.0 3.10 24.22 27.32 OK
r-release-macos-arm64 0.1.0 18.00 OK
r-release-windows-x86_64 0.1.0 8.00 44.00 52.00 OK
r-oldrel-macos-arm64 0.1.0 22.00 OK
r-oldrel-macos-x86_64 0.1.0 26.00 OK
r-oldrel-windows-x86_64 0.1.0 8.00 45.00 53.00 OK

Check Details

Version: 0.1.0
Check: dependencies in R code
Result: NOTE Namespace in Imports field not imported from: ‘dplyr’ All declared Imports should be used. Flavors: r-devel-linux-x86_64-fedora-clang, r-devel-linux-x86_64-fedora-gcc