CRAN Package Check Results for Package eyedata

Last updated on 2021-04-12 19:49:17 CEST.

Flavor Version Tinstall Tcheck Ttotal Status Flags
r-devel-linux-x86_64-debian-clang 0.1.0 3.94 25.74 29.68 OK
r-devel-linux-x86_64-debian-gcc 0.1.0 3.94 19.99 23.93 OK
r-devel-linux-x86_64-fedora-clang 0.1.0 46.26 NOTE
r-devel-linux-x86_64-fedora-gcc 0.1.0 35.78 NOTE
r-devel-windows-ix86+x86_64 0.1.0 10.00 42.00 52.00 OK
r-devel-windows-x86_64-gcc10-UCRT 0.1.0 NOTE
r-patched-linux-x86_64 0.1.0 4.43 24.74 29.17 OK
r-patched-solaris-x86 0.1.0 56.10 NOTE
r-release-linux-x86_64 0.1.0 4.58 24.77 29.35 OK
r-release-macos-x86_64 0.1.0 NOTE
r-release-windows-ix86+x86_64 0.1.0 16.00 42.00 58.00 OK
r-oldrel-macos-x86_64 0.1.0 ERROR

Check Details

Version: 0.1.0
Check: dependencies in R code
Result: NOTE
    Namespace in Imports field not imported from: ‘dplyr’
     All declared Imports should be used.
Flavors: r-devel-linux-x86_64-fedora-clang, r-devel-linux-x86_64-fedora-gcc, r-devel-windows-x86_64-gcc10-UCRT, r-patched-solaris-x86, r-release-macos-x86_64

Version: 0.1.0
Check: whether package can be installed
Result: ERROR
    Installation failed.
Flavor: r-oldrel-macos-x86_64