CRAN Package Check Results for Package eyetrackingR

Last updated on 2019-03-20 08:48:29 CET.

Flavor Version Tinstall Tcheck Ttotal Status Flags
r-devel-linux-x86_64-debian-clang 0.1.8 7.66 326.52 334.18 OK
r-devel-linux-x86_64-debian-gcc 0.1.8 5.68 249.24 254.92 OK
r-devel-linux-x86_64-fedora-clang 0.1.8 372.02 OK
r-devel-linux-x86_64-fedora-gcc 0.1.8 363.35 OK
r-devel-windows-ix86+x86_64 0.1.8 22.00 406.00 428.00 NOTE
r-patched-linux-x86_64 0.1.8 5.56 306.86 312.42 OK
r-patched-solaris-x86 0.1.8 558.00 OK
r-release-linux-x86_64 0.1.8 5.05 307.56 312.61 OK
r-release-windows-ix86+x86_64 0.1.8 9.00 319.00 328.00 NOTE
r-release-osx-x86_64 0.1.8 OK
r-oldrel-windows-ix86+x86_64 0.1.8 18.00 480.00 498.00 NOTE
r-oldrel-osx-x86_64 0.1.8 OK

Check Details

Version: 0.1.8
Check: package dependencies
Result: NOTE
    Package suggested but not available for checking: 'doMC'
Flavors: r-devel-windows-ix86+x86_64, r-release-windows-ix86+x86_64, r-oldrel-windows-ix86+x86_64