CRAN Package Check Results for Package eyetrackingR

Last updated on 2019-06-25 11:50:15 CEST.

Flavor Version Tinstall Tcheck Ttotal Status Flags
r-devel-linux-x86_64-debian-clang 0.1.8 8.20 323.16 331.36 OK
r-devel-linux-x86_64-debian-gcc 0.1.8 6.49 245.96 252.45 OK
r-devel-linux-x86_64-fedora-clang 0.1.8 355.80 OK
r-devel-linux-x86_64-fedora-gcc 0.1.8 354.28 OK
r-devel-windows-ix86+x86_64 0.1.8 23.00 331.00 354.00 NOTE
r-patched-linux-x86_64 0.1.8 7.02 311.78 318.80 OK
r-patched-solaris-x86 0.1.8 556.70 OK
r-release-linux-x86_64 0.1.8 6.42 312.43 318.85 OK
r-release-windows-ix86+x86_64 0.1.8 15.00 441.00 456.00 NOTE
r-release-osx-x86_64 0.1.8 OK
r-oldrel-windows-ix86+x86_64 0.1.8 12.00 300.00 312.00 NOTE
r-oldrel-osx-x86_64 0.1.8 OK

Check Details

Version: 0.1.8
Check: package dependencies
Result: NOTE
    Package suggested but not available for checking: 'doMC'
Flavors: r-devel-windows-ix86+x86_64, r-release-windows-ix86+x86_64, r-oldrel-windows-ix86+x86_64