CRAN Package Check Results for Package ezpickr

Last updated on 2019-03-23 16:47:48 CET.

Flavor Version Tinstall Tcheck Ttotal Status Flags
r-devel-linux-x86_64-debian-clang 1.0.3 1.84 22.52 24.36 OK
r-devel-linux-x86_64-debian-gcc 1.0.3 1.61 17.95 19.56 OK
r-devel-linux-x86_64-fedora-clang 1.0.3 29.40 OK
r-devel-linux-x86_64-fedora-gcc 1.0.3 28.25 OK
r-devel-windows-ix86+x86_64 1.0.3 7.00 54.00 61.00 OK
r-patched-linux-x86_64 1.0.3 1.05 20.59 21.64 OK
r-patched-solaris-x86 1.0.3 42.90 NOTE
r-release-linux-x86_64 1.0.3 0.32 2.10 2.42 ERROR
r-release-windows-ix86+x86_64 1.0.3 4.00 39.00 43.00 OK
r-release-osx-x86_64 1.0.3 OK
r-oldrel-windows-ix86+x86_64 1.0.3 7.00 61.00 68.00 OK
r-oldrel-osx-x86_64 1.0.3 OK

Check Details

Version: 1.0.3
Check: package dependencies
Result: NOTE
    Package suggested but not available for checking: ‘tesseract’
Flavor: r-patched-solaris-x86

Version: 1.0.3
Check: whether package can be installed
Result: ERROR
    Installation failed.
Flavor: r-release-linux-x86_64