CRAN Package Check Results for Package ezpickr

Last updated on 2019-01-22 11:52:09 CET.

Flavor Version Tinstall Tcheck Ttotal Status Flags
r-devel-linux-x86_64-debian-clang 0.1.3 0.82 21.09 21.91 OK
r-devel-linux-x86_64-debian-gcc 0.1.3 0.84 16.81 17.65 OK
r-devel-linux-x86_64-fedora-clang 0.1.3 28.03 OK
r-devel-linux-x86_64-fedora-gcc 0.1.3 25.11 OK
r-devel-windows-ix86+x86_64 0.1.3 4.00 45.00 49.00 OK
r-patched-linux-x86_64 0.1.3 0.97 19.19 20.16 OK
r-patched-solaris-x86 0.1.3 38.10 NOTE
r-release-linux-x86_64 0.1.3 0.92 19.22 20.14 OK
r-release-windows-ix86+x86_64 0.1.3 4.00 46.00 50.00 OK
r-release-osx-x86_64 0.1.3 OK
r-oldrel-windows-ix86+x86_64 0.1.3 4.00 38.00 42.00 OK
r-oldrel-osx-x86_64 0.1.3 OK

Check Details

Version: 0.1.3
Check: package dependencies
Result: NOTE
    Package suggested but not available for checking: ‘tesseract’
Flavor: r-patched-solaris-x86