CRAN Package Check Results for Package ezpickr

Last updated on 2019-06-25 20:46:56 CEST.

Flavor Version Tinstall Tcheck Ttotal Status Flags
r-devel-linux-x86_64-debian-clang 1.0.5 2.05 22.34 24.39 OK
r-devel-linux-x86_64-debian-gcc 1.0.5 1.65 17.94 19.59 OK
r-devel-linux-x86_64-fedora-clang 1.0.5 29.59 OK
r-devel-linux-x86_64-fedora-gcc 1.0.5 28.27 OK
r-devel-windows-ix86+x86_64 1.0.5 10.00 44.00 54.00 OK
r-patched-linux-x86_64 1.0.5 1.90 21.86 23.76 OK
r-patched-solaris-x86 1.0.5 45.30 NOTE
r-release-linux-x86_64 1.0.5 2.01 22.21 24.22 OK
r-release-windows-ix86+x86_64 1.0.5 5.00 61.00 66.00 OK
r-release-osx-x86_64 1.0.5 OK
r-oldrel-windows-ix86+x86_64 1.0.5 2.00 41.00 43.00 OK
r-oldrel-osx-x86_64 1.0.5 OK

Check Details

Version: 1.0.5
Check: package dependencies
Result: NOTE
    Package suggested but not available for checking: ‘tesseract’
Flavor: r-patched-solaris-x86