Last updated on 2022-07-07 05:56:01 CEST.
Flavor | Version | Tinstall | Tcheck | Ttotal | Status | Flags |
---|---|---|---|---|---|---|
r-devel-linux-x86_64-debian-clang | 2.1.0 | 2.58 | 29.56 | 32.14 | NOTE | |
r-devel-linux-x86_64-debian-gcc | 2.1.0 | 2.05 | 23.12 | 25.17 | NOTE | |
r-devel-linux-x86_64-fedora-clang | 2.1.0 | 49.93 | NOTE | |||
r-devel-linux-x86_64-fedora-gcc | 2.1.0 | 49.16 | NOTE | |||
r-devel-windows-x86_64 | 2.1.0 | 15.00 | 63.00 | 78.00 | NOTE | |
r-patched-linux-x86_64 | 2.1.0 | 2.12 | 28.61 | 30.73 | NOTE | |
r-release-linux-x86_64 | 2.1.0 | 1.51 | 28.45 | 29.96 | NOTE | |
r-release-macos-arm64 | 2.1.0 | 24.00 | NOTE | |||
r-release-macos-x86_64 | 2.1.0 | 30.00 | NOTE | |||
r-release-windows-x86_64 | 2.1.0 | 10.00 | 65.00 | 75.00 | NOTE | |
r-oldrel-macos-arm64 | 2.1.0 | 25.00 | NOTE | |||
r-oldrel-macos-x86_64 | 2.1.0 | 29.00 | NOTE | |||
r-oldrel-windows-ix86+x86_64 | 2.1.0 | 9.00 | 54.00 | 63.00 | NOTE |
Version: 2.1.0
Check: LazyData
Result: NOTE
'LazyData' is specified without a 'data' directory
Flavors: r-devel-linux-x86_64-debian-clang, r-devel-linux-x86_64-debian-gcc, r-devel-linux-x86_64-fedora-clang, r-devel-linux-x86_64-fedora-gcc, r-devel-windows-x86_64, r-patched-linux-x86_64, r-release-linux-x86_64, r-release-macos-arm64, r-release-macos-x86_64, r-release-windows-x86_64, r-oldrel-macos-arm64, r-oldrel-macos-x86_64, r-oldrel-windows-ix86+x86_64