CRAN Package Check Results for Package ezplot

Last updated on 2019-04-23 16:50:36 CEST.

Flavor Version Tinstall Tcheck Ttotal Status Flags
r-devel-linux-x86_64-debian-clang 0.2.2 4.86 54.79 59.65 OK
r-devel-linux-x86_64-debian-gcc 0.2.2 4.22 42.22 46.44 OK
r-devel-linux-x86_64-fedora-clang 0.2.2 70.62 NOTE
r-devel-linux-x86_64-fedora-gcc 0.2.2 65.42 NOTE
r-devel-windows-ix86+x86_64 0.2.2 15.00 69.00 84.00 OK
r-patched-linux-x86_64 0.2.2 5.28 53.70 58.98 OK
r-patched-solaris-x86 0.2.2 100.60 NOTE
r-release-linux-x86_64 0.2.2 2.64 51.51 54.15 OK
r-release-windows-ix86+x86_64 0.2.2 8.00 109.00 117.00 OK
r-release-osx-x86_64 0.2.2 NOTE
r-oldrel-windows-ix86+x86_64 0.2.2 10.00 115.00 125.00 OK
r-oldrel-osx-x86_64 0.2.2 NOTE

Check Details

Version: 0.2.2
Check: dependencies in R code
Result: NOTE
    Namespace in Imports field not imported from: ‘magrittr’
     All declared Imports should be used.
Flavors: r-devel-linux-x86_64-fedora-clang, r-devel-linux-x86_64-fedora-gcc, r-patched-solaris-x86, r-release-osx-x86_64, r-oldrel-osx-x86_64