CRAN Package Check Results for Package ezr

Last updated on 2024-02-24 19:50:38 CET.

Flavor Version Tinstall Tcheck Ttotal Status Flags
r-devel-linux-x86_64-debian-clang 0.1.5 8.75 69.29 78.04 NOTE
r-devel-linux-x86_64-debian-gcc 0.1.5 6.45 50.72 57.17 NOTE
r-devel-linux-x86_64-fedora-clang 0.1.5 94.17 NOTE
r-devel-linux-x86_64-fedora-gcc 0.1.5 94.79 NOTE
r-devel-windows-x86_64 0.1.5 10.00 67.00 77.00 NOTE
r-patched-linux-x86_64 0.1.5 8.14 64.24 72.38 NOTE
r-release-linux-x86_64 0.1.5 7.14 63.66 70.80 NOTE
r-release-macos-arm64 0.1.5 30.00 NOTE
r-release-macos-x86_64 0.1.5 44.00 NOTE
r-release-windows-x86_64 0.1.5 12.00 78.00 90.00 NOTE
r-oldrel-macos-arm64 0.1.5 31.00 NOTE
r-oldrel-windows-x86_64 0.1.5 12.00 84.00 96.00 NOTE

Check Details

Version: 0.1.5
Check: LazyData
Result: NOTE 'LazyData' is specified without a 'data' directory Flavors: r-devel-linux-x86_64-debian-clang, r-devel-linux-x86_64-debian-gcc, r-devel-linux-x86_64-fedora-clang, r-devel-linux-x86_64-fedora-gcc, r-devel-windows-x86_64, r-patched-linux-x86_64, r-release-linux-x86_64, r-release-macos-arm64, r-release-macos-x86_64, r-release-windows-x86_64, r-oldrel-macos-arm64, r-oldrel-windows-x86_64