CRAN Package Check Results for Package fAsianOptions

Last updated on 2019-05-27 05:47:34 CEST.

Flavor Version Tinstall Tcheck Ttotal Status Flags
r-devel-linux-x86_64-debian-clang 3042.82 11.27 52.58 63.85 OK
r-devel-linux-x86_64-debian-gcc 3042.82 8.03 41.37 49.40 OK
r-devel-linux-x86_64-fedora-clang 3042.82 74.88 NOTE
r-devel-linux-x86_64-fedora-gcc 3042.82 72.92 NOTE
r-devel-windows-ix86+x86_64 3042.82 21.00 123.00 144.00 OK
r-patched-linux-x86_64 3042.82 OK
r-patched-solaris-x86 3042.82 107.00 OK
r-release-linux-x86_64 3042.82 10.08 53.52 63.60 OK
r-release-windows-ix86+x86_64 3042.82 29.00 83.00 112.00 OK
r-release-osx-x86_64 3042.82 WARN
r-oldrel-windows-ix86+x86_64 3042.82 25.00 79.00 104.00 OK
r-oldrel-osx-x86_64 3042.82 OK

Check Details

Version: 3042.82
Check: compiled code
Result: NOTE
    File ‘fAsianOptions/libs/fAsianOptions.so’:
     Found no calls to: ‘R_registerRoutines’, ‘R_useDynamicSymbols’
    
    It is good practice to register native routines and to disable symbol
    search.
    
    See ‘Writing portable packages’ in the ‘Writing R Extensions’ manual.
Flavors: r-devel-linux-x86_64-fedora-clang, r-devel-linux-x86_64-fedora-gcc

Version: 3042.82
Check: whether package can be installed
Result: WARN
    Found the following significant warnings:
     Warning: ‘i’ is used uninitialized in this function [-Wuninitialized]
Flavor: r-release-osx-x86_64