CRAN Package Check Results for Package fChange

Last updated on 2019-03-22 23:52:58 CET.

Flavor Version Tinstall Tcheck Ttotal Status Flags
r-devel-linux-x86_64-debian-clang 0.2.1 9.29 94.61 103.90 WARN
r-devel-linux-x86_64-debian-gcc 0.2.1 7.75 70.19 77.94 OK
r-devel-linux-x86_64-fedora-clang 0.2.1 121.86 OK
r-devel-linux-x86_64-fedora-gcc 0.2.1 114.43 OK
r-devel-windows-ix86+x86_64 0.2.1 25.00 137.00 162.00 OK
r-patched-linux-x86_64 0.2.1 7.11 88.05 95.16 OK
r-patched-solaris-x86 0.2.1 171.80 OK
r-release-linux-x86_64 0.2.1 7.50 90.29 97.79 OK
r-release-windows-ix86+x86_64 0.2.1 11.00 105.00 116.00 OK
r-release-osx-x86_64 0.2.1 OK
r-oldrel-windows-ix86+x86_64 0.2.1 15.00 143.00 158.00 OK
r-oldrel-osx-x86_64 0.2.1 OK

Check Details

Version: 0.2.1
Check: whether package can be installed
Result: WARN
    Found the following significant warnings:
     Warning: unable to re-encode 'Conf_int.R' line 28
     Warning: unable to re-encode 'change_fPCA.R' lines 55, 57
Flavor: r-devel-linux-x86_64-debian-clang