CRAN Package Check Results for Package fDMA

Last updated on 2019-04-23 06:48:44 CEST.

Flavor Version Tinstall Tcheck Ttotal Status Flags
r-devel-linux-x86_64-debian-clang 2.2.4 34.92 99.41 134.33 NOTE
r-devel-linux-x86_64-debian-gcc 2.2.4 27.36 75.69 103.05 NOTE
r-devel-linux-x86_64-fedora-clang 2.2.4 166.63 NOTE
r-devel-linux-x86_64-fedora-gcc 2.2.4 156.53 NOTE
r-devel-windows-ix86+x86_64 2.2.4 98.00 150.00 248.00 NOTE
r-patched-linux-x86_64 2.2.4 33.78 98.57 132.35 NOTE
r-patched-solaris-x86 2.2.4 200.90 NOTE
r-release-linux-x86_64 2.2.4 28.56 94.66 123.22 OK
r-release-windows-ix86+x86_64 2.2.4 56.00 141.00 197.00 OK
r-release-osx-x86_64 2.2.4 OK
r-oldrel-windows-ix86+x86_64 2.2.4 77.00 210.00 287.00 OK
r-oldrel-osx-x86_64 2.2.4 OK

Check Details

Version: 2.2.4
Check: line endings in C/C++/Fortran sources/headers
Result: NOTE
    Found the following sources/headers with CR or CRLF line endings:
     inst/include/fDMA.h
    Some Unix compilers require LF line endings.
Flavors: r-devel-linux-x86_64-debian-clang, r-devel-linux-x86_64-debian-gcc, r-devel-linux-x86_64-fedora-clang, r-devel-linux-x86_64-fedora-gcc, r-devel-windows-ix86+x86_64, r-patched-linux-x86_64, r-patched-solaris-x86