Last updated on 2022-05-25 04:55:25 CEST.
Flavor | Version | Tinstall | Tcheck | Ttotal | Status | Flags |
---|---|---|---|---|---|---|
r-devel-linux-x86_64-debian-clang | 3042.83.2 | 11.03 | 104.16 | 115.19 | OK | |
r-devel-linux-x86_64-debian-gcc | 3042.83.2 | 8.45 | 79.11 | 87.56 | OK | |
r-devel-linux-x86_64-fedora-clang | 3042.83.2 | 137.16 | NOTE | |||
r-devel-linux-x86_64-fedora-gcc | 3042.83.2 | 134.22 | NOTE | |||
r-devel-windows-x86_64 | 3042.83.2 | 55.00 | 132.00 | 187.00 | OK | |
r-patched-linux-x86_64 | 3042.83.2 | 11.51 | 102.35 | 113.86 | OK | |
r-release-linux-x86_64 | 3042.83.2 | OK | ||||
r-release-macos-arm64 | 3042.83.2 | 41.00 | OK | |||
r-release-macos-x86_64 | 3042.83.2 | 53.00 | OK | |||
r-release-windows-x86_64 | 3042.83.2 | 55.00 | 182.00 | 237.00 | OK | |
r-oldrel-macos-arm64 | 3042.83.2 | 44.00 | OK | |||
r-oldrel-macos-x86_64 | 3042.83.2 | 76.00 | OK | |||
r-oldrel-windows-ix86+x86_64 | 3042.83.2 | 28.00 | 153.00 | 181.00 | OK |
Version: 3042.83.2
Check: compiled code
Result: NOTE
File ‘fGarch/libs/fGarch.so’:
Found no calls to: ‘R_registerRoutines’, ‘R_useDynamicSymbols’
It is good practice to register native routines and to disable symbol
search.
See ‘Writing portable packages’ in the ‘Writing R Extensions’ manual.
Flavors: r-devel-linux-x86_64-fedora-clang, r-devel-linux-x86_64-fedora-gcc