CRAN Package Check Results for Package fHMM

Last updated on 2023-03-27 17:54:59 CEST.

Flavor Version Tinstall Tcheck Ttotal Status Flags
r-devel-linux-x86_64-debian-clang 1.1.0 44.68 134.56 179.24 OK
r-devel-linux-x86_64-debian-gcc 1.1.0 37.34 100.28 137.62 OK
r-devel-linux-x86_64-fedora-clang 1.1.0 232.60 NOTE
r-devel-linux-x86_64-fedora-gcc 1.1.0 226.00 OK
r-devel-windows-x86_64 1.1.0 79.00 0.00 79.00 NOTE
r-patched-linux-x86_64 1.1.0 44.02 128.58 172.60 OK
r-release-linux-x86_64 1.1.0 39.30 125.55 164.85 OK
r-release-macos-arm64 1.1.0 81.00 NOTE
r-release-macos-x86_64 1.1.0 100.00 NOTE
r-release-windows-x86_64 1.1.0 86.00 206.00 292.00 NOTE
r-oldrel-macos-arm64 1.1.0 83.00 NOTE
r-oldrel-macos-x86_64 1.1.0 97.00 NOTE
r-oldrel-windows-ix86+x86_64 1.1.0 98.00 269.00 367.00 NOTE

Check Details

Version: 1.1.0
Check: installed package size
Result: NOTE
     installed size is 6.5Mb
     sub-directories of 1Mb or more:
     data 1.9Mb
     extdata 2.8Mb
Flavors: r-devel-linux-x86_64-fedora-clang, r-devel-windows-x86_64, r-release-macos-arm64, r-release-macos-x86_64, r-release-windows-x86_64, r-oldrel-macos-arm64, r-oldrel-macos-x86_64, r-oldrel-windows-ix86+x86_64