Last updated on 2021-04-18 19:50:59 CEST.
Flavor | Version | Tinstall | Tcheck | Ttotal | Status | Flags |
---|---|---|---|---|---|---|
r-devel-linux-x86_64-debian-clang | 3042.79 | 7.37 | 81.93 | 89.30 | NOTE | |
r-devel-linux-x86_64-debian-gcc | 3042.79 | 5.95 | 59.37 | 65.32 | NOTE | |
r-devel-linux-x86_64-fedora-clang | 3042.79 | 112.96 | NOTE | |||
r-devel-linux-x86_64-fedora-gcc | 3042.79 | 102.09 | NOTE | |||
r-devel-windows-ix86+x86_64 | 3042.79 | 19.00 | 106.00 | 125.00 | NOTE | |
r-devel-windows-x86_64-gcc10-UCRT | 3042.79 | NOTE | ||||
r-patched-linux-x86_64 | 3042.79 | 6.91 | 75.61 | 82.52 | OK | |
r-patched-solaris-x86 | 3042.79 | 141.20 | OK | |||
r-release-linux-x86_64 | 3042.79 | 6.49 | 76.77 | 83.26 | OK | |
r-release-macos-x86_64 | 3042.79 | OK | ||||
r-release-windows-ix86+x86_64 | 3042.79 | 18.00 | 103.00 | 121.00 | OK | |
r-oldrel-macos-x86_64 | 3042.79 | OK | ||||
r-oldrel-windows-ix86+x86_64 | 3042.79 | 12.00 | 144.00 | 156.00 | OK |
Version: 3042.79
Check: LazyData
Result: NOTE
'LazyData' is specified without a 'data' directory
Flavors: r-devel-linux-x86_64-debian-clang, r-devel-linux-x86_64-debian-gcc, r-devel-linux-x86_64-fedora-clang, r-devel-linux-x86_64-fedora-gcc, r-devel-windows-ix86+x86_64, r-devel-windows-x86_64-gcc10-UCRT
Version: 3042.79
Check: compiled code
Result: NOTE
File ‘fNonlinear/libs/fNonlinear.so’:
Found no calls to: ‘R_registerRoutines’, ‘R_useDynamicSymbols’
It is good practice to register native routines and to disable symbol
search.
See ‘Writing portable packages’ in the ‘Writing R Extensions’ manual.
Flavors: r-devel-linux-x86_64-fedora-clang, r-devel-linux-x86_64-fedora-gcc