CRAN Package Check Results for Package fPortfolio

Last updated on 2020-08-06 09:48:56 CEST.

Flavor Version Tinstall Tcheck Ttotal Status Flags
r-devel-linux-x86_64-debian-clang 3042.83.1 22.60 148.38 170.98 NOTE
r-devel-linux-x86_64-debian-gcc 3042.83.1 20.19 111.56 131.75 NOTE
r-devel-linux-x86_64-fedora-clang 3042.83.1 224.83 NOTE
r-devel-linux-x86_64-fedora-gcc 3042.83.1 208.96 NOTE
r-devel-windows-ix86+x86_64 3042.83.1 64.00 149.00 213.00 NOTE
r-patched-linux-x86_64 3042.83.1 24.16 144.99 169.15 NOTE
r-patched-solaris-x86 3042.83.1 286.50 NOTE
r-release-linux-x86_64 3042.83.1 24.78 145.51 170.29 NOTE
r-release-macos-x86_64 3042.83.1 NOTE
r-release-windows-ix86+x86_64 3042.83.1 61.00 213.00 274.00 NOTE
r-oldrel-macos-x86_64 3042.83.1 NOTE
r-oldrel-windows-ix86+x86_64 3042.83.1 37.00 173.00 210.00 NOTE

Check Details

Version: 3042.83.1
Check: package dependencies
Result: NOTE
    Packages suggested but not available for checking:
     'Rsocp', 'Rnlminb2', 'Rdonlp2'
Flavors: r-devel-linux-x86_64-debian-clang, r-devel-linux-x86_64-debian-gcc, r-devel-linux-x86_64-fedora-clang, r-devel-linux-x86_64-fedora-gcc, r-devel-windows-ix86+x86_64, r-patched-linux-x86_64, r-release-linux-x86_64, r-release-windows-ix86+x86_64, r-oldrel-windows-ix86+x86_64

Version: 3042.83.1
Check: package dependencies
Result: NOTE
    Packages suggested but not available for checking:
     'Rsocp', 'Rnlminb2', 'Rdonlp2', 'Rsymphony'
Flavors: r-patched-solaris-x86, r-release-macos-x86_64, r-oldrel-macos-x86_64