CRAN Package Check Results for Package fPortfolio

Last updated on 2019-12-09 14:50:02 CET.

Flavor Version Tinstall Tcheck Ttotal Status Flags
r-devel-linux-x86_64-debian-clang 3042.83 25.20 143.46 168.66 NOTE
r-devel-linux-x86_64-debian-gcc 3042.83 20.90 111.37 132.27 NOTE
r-devel-linux-x86_64-fedora-clang 3042.83 220.60 NOTE
r-devel-linux-x86_64-fedora-gcc 3042.83 192.28 NOTE
r-devel-windows-ix86+x86_64 3042.83 35.00 184.00 219.00 NOTE
r-devel-windows-ix86+x86_64-gcc8 3042.83 30.00 127.00 157.00 NOTE
r-patched-linux-x86_64 3042.83 22.13 128.18 150.31 NOTE
r-patched-solaris-x86 3042.83 237.50 NOTE
r-release-linux-x86_64 3042.83 20.63 127.86 148.49 NOTE
r-release-windows-ix86+x86_64 3042.83 36.00 128.00 164.00 NOTE
r-release-osx-x86_64 3042.83 NOTE
r-oldrel-windows-ix86+x86_64 3042.83 24.00 116.00 140.00 NOTE
r-oldrel-osx-x86_64 3042.83 NOTE

Check Details

Version: 3042.83
Check: package dependencies
Result: NOTE
    Packages suggested but not available for checking:
     'Rsocp', 'Rnlminb2', 'Rdonlp2'
Flavors: r-devel-linux-x86_64-debian-clang, r-devel-linux-x86_64-debian-gcc, r-devel-linux-x86_64-fedora-clang, r-devel-linux-x86_64-fedora-gcc, r-devel-windows-ix86+x86_64, r-devel-windows-ix86+x86_64-gcc8, r-patched-linux-x86_64, r-release-linux-x86_64, r-release-windows-ix86+x86_64

Version: 3042.83
Check: package dependencies
Result: NOTE
    Packages suggested but not available for checking:
     'Rsocp', 'Rnlminb2', 'Rdonlp2', 'Rsymphony'
Flavors: r-patched-solaris-x86, r-release-osx-x86_64

Version: 3042.83
Check: package dependencies
Result: NOTE
    Packages suggested but not available for checking:
     'Rsocp' 'Rnlminb2' 'Rdonlp2'
Flavor: r-oldrel-windows-ix86+x86_64

Version: 3042.83
Check: package dependencies
Result: NOTE
    Packages suggested but not available for checking:
     ‘Rsocp’ ‘Rnlminb2’ ‘Rdonlp2’ ‘Rsymphony’
Flavor: r-oldrel-osx-x86_64