CRAN Package Check Results for Package fPortfolio

Last updated on 2023-03-31 21:53:03 CEST.

Flavor Version Tinstall Tcheck Ttotal Status Flags
r-devel-linux-x86_64-debian-clang 3042.83.1 24.31 175.39 199.70 NOTE
r-devel-linux-x86_64-debian-gcc 3042.83.1 22.26 133.29 155.55 NOTE
r-devel-linux-x86_64-fedora-clang 3042.83.1 263.72 NOTE
r-devel-linux-x86_64-fedora-gcc 3042.83.1 262.49 NOTE
r-devel-windows-x86_64 3042.83.1 170.00 0.00 170.00 NOTE
r-patched-linux-x86_64 3042.83.1 26.16 168.42 194.58 NOTE
r-release-linux-x86_64 3042.83.1 21.37 166.56 187.93 NOTE
r-release-macos-arm64 3042.83.1 55.00 NOTE
r-release-macos-x86_64 3042.83.1 104.00 NOTE
r-release-windows-x86_64 3042.83.1 64.00 195.00 259.00 NOTE
r-oldrel-macos-arm64 3042.83.1 74.00 NOTE
r-oldrel-macos-x86_64 3042.83.1 91.00 NOTE
r-oldrel-windows-ix86+x86_64 3042.83.1 49.00 170.00 219.00 NOTE

Check Details

Version: 3042.83.1
Check: package dependencies
Result: NOTE
    Packages suggested but not available for checking:
     'Rsocp', 'Rnlminb2', 'Rdonlp2'
Flavors: r-devel-linux-x86_64-debian-clang, r-devel-linux-x86_64-debian-gcc, r-devel-linux-x86_64-fedora-clang, r-devel-linux-x86_64-fedora-gcc, r-devel-windows-x86_64, r-patched-linux-x86_64, r-release-linux-x86_64, r-release-macos-arm64, r-release-macos-x86_64, r-release-windows-x86_64, r-oldrel-macos-x86_64, r-oldrel-windows-ix86+x86_64

Version: 3042.83.1
Check: package dependencies
Result: NOTE
    Packages suggested but not available for checking:
     'Rsocp', 'Rnlminb2', 'Rdonlp2', 'Rsymphony'
Flavor: r-oldrel-macos-arm64