CRAN Package Check Results for Package fRLR

Last updated on 2021-10-20 10:53:05 CEST.

Flavor Version Tinstall Tcheck Ttotal Status Flags
r-devel-linux-x86_64-debian-clang 1.2.1 17.74 54.55 72.29 OK
r-devel-linux-x86_64-debian-gcc 1.2.1 14.72 37.06 51.78 OK
r-devel-linux-x86_64-fedora-clang 1.2.1 106.31 OK
r-devel-linux-x86_64-fedora-gcc 1.2.1 89.18 OK
r-devel-windows-x86_64 1.2.1 28.00 84.00 112.00 OK
r-devel-windows-x86_64-gcc10-UCRT 1.2.1 OK
r-patched-linux-x86_64 1.2.1 19.33 47.99 67.32 OK
r-patched-solaris-x86 1.2.1 105.80 OK
r-release-linux-x86_64 1.2.1 17.11 48.82 65.93 OK
r-release-macos-arm64 1.2.1 OK
r-release-macos-x86_64 1.2.1 ERROR
r-release-windows-ix86+x86_64 1.2.1 41.00 90.00 131.00 OK
r-oldrel-macos-x86_64 1.2.1 ERROR
r-oldrel-windows-ix86+x86_64 1.2.1 52.00 88.00 140.00 OK

Check Details

Version: 1.2.1
Check: whether package can be installed
Result: ERROR
    Installation failed.
Flavors: r-release-macos-x86_64, r-oldrel-macos-x86_64