CRAN Package Check Results for Package fUnitRoots

Last updated on 2021-05-05 23:48:36 CEST.

Flavor Version Tinstall Tcheck Ttotal Status Flags
r-devel-linux-x86_64-debian-clang 3042.79 6.00 57.99 63.99 NOTE
r-devel-linux-x86_64-debian-gcc 3042.79 5.14 45.32 50.46 NOTE
r-devel-linux-x86_64-fedora-clang 3042.79 87.46 NOTE
r-devel-linux-x86_64-fedora-gcc 3042.79 72.89 NOTE
r-devel-windows-ix86+x86_64 3042.79 12.00 89.00 101.00 NOTE
r-devel-windows-x86_64-gcc10-UCRT 3042.79 NOTE
r-patched-linux-x86_64 3042.79 6.34 57.94 64.28 NOTE
r-patched-solaris-x86 3042.79 104.50 OK
r-release-linux-x86_64 3042.79 7.07 56.58 63.65 OK
r-release-macos-x86_64 3042.79 OK
r-release-windows-ix86+x86_64 3042.79 12.00 70.00 82.00 OK
r-oldrel-macos-x86_64 3042.79 OK
r-oldrel-windows-ix86+x86_64 3042.79 16.00 65.00 81.00 OK

Check Details

Version: 3042.79
Check: LazyData
Result: NOTE
     'LazyData' is specified without a 'data' directory
Flavors: r-devel-linux-x86_64-debian-clang, r-devel-linux-x86_64-debian-gcc, r-devel-linux-x86_64-fedora-clang, r-devel-linux-x86_64-fedora-gcc, r-devel-windows-ix86+x86_64, r-devel-windows-x86_64-gcc10-UCRT, r-patched-linux-x86_64

Version: 3042.79
Check: compiled code
Result: NOTE
    File ‘fUnitRoots/libs/fUnitRoots.so’:
     Found no calls to: ‘R_registerRoutines’, ‘R_useDynamicSymbols’
    
    It is good practice to register native routines and to disable symbol
    search.
    
    See ‘Writing portable packages’ in the ‘Writing R Extensions’ manual.
Flavors: r-devel-linux-x86_64-fedora-clang, r-devel-linux-x86_64-fedora-gcc