Last updated on 2022-06-28 08:51:25 CEST.
Flavor | Version | Tinstall | Tcheck | Ttotal | Status | Flags |
---|---|---|---|---|---|---|
r-devel-linux-x86_64-debian-clang | 0.3.1 | 30.48 | 224.90 | 255.38 | OK | |
r-devel-linux-x86_64-debian-gcc | 0.3.1 | 26.64 | 162.66 | 189.30 | OK | |
r-devel-linux-x86_64-fedora-clang | 0.3.1 | 313.78 | NOTE | |||
r-devel-linux-x86_64-fedora-gcc | 0.3.1 | 310.98 | OK | |||
r-devel-windows-x86_64 | 0.3.1 | 64.00 | 286.00 | 350.00 | OK | |
r-patched-linux-x86_64 | 0.3.1 | 28.28 | 212.10 | 240.38 | OK | |
r-release-linux-x86_64 | 0.3.1 | 31.58 | 210.40 | 241.98 | OK | |
r-release-macos-arm64 | 0.3.1 | 81.00 | OK | |||
r-release-macos-x86_64 | 0.3.1 | 147.00 | OK | |||
r-release-windows-x86_64 | 0.3.1 | 78.00 | 279.00 | 357.00 | OK | |
r-oldrel-macos-arm64 | 0.3.1 | 111.00 | OK | |||
r-oldrel-macos-x86_64 | 0.3.1 | 131.00 | OK | |||
r-oldrel-windows-ix86+x86_64 | 0.3.1 | 78.00 | 449.00 | 527.00 | OK |
Version: 0.3.1
Check: Rd cross-references
Result: NOTE
Undeclared package ‘lmtest’ in Rd xrefs
Flavor: r-devel-linux-x86_64-fedora-clang