CRAN Package Check Results for Package fable

Last updated on 2022-11-27 12:55:16 CET.

Flavor Version Tinstall Tcheck Ttotal Status Flags
r-devel-linux-x86_64-debian-clang 0.3.2 34.46 237.53 271.99 OK
r-devel-linux-x86_64-debian-gcc 0.3.2 25.87 172.35 198.22 OK
r-devel-linux-x86_64-fedora-clang 0.3.2 337.29 NOTE
r-devel-linux-x86_64-fedora-gcc 0.3.2 355.80 OK
r-devel-windows-x86_64 0.3.2 73.00 302.00 375.00 OK
r-patched-linux-x86_64 0.3.2 31.52 218.88 250.40 OK
r-release-linux-x86_64 0.3.2 28.52 220.59 249.11 OK
r-release-macos-arm64 0.3.2 74.00 OK
r-release-macos-x86_64 0.3.2 105.00 OK
r-release-windows-x86_64 0.3.2 84.00 297.00 381.00 OK
r-oldrel-macos-arm64 0.3.2 86.00 OK
r-oldrel-macos-x86_64 0.3.2 110.00 OK
r-oldrel-windows-ix86+x86_64 0.3.2 80.00 459.00 539.00 OK

Check Details

Version: 0.3.2
Check: Rd cross-references
Result: NOTE
    Undeclared package ‘lmtest’ in Rd xrefs
Flavor: r-devel-linux-x86_64-fedora-clang