CRAN Package Check Results for Package fable.prophet

Last updated on 2022-07-05 08:53:16 CEST.

Flavor Version Tinstall Tcheck Ttotal Status Flags
r-devel-linux-x86_64-debian-clang 0.1.0 8.93 141.34 150.27 NOTE
r-devel-linux-x86_64-debian-gcc 0.1.0 7.43 99.91 107.34 NOTE
r-devel-linux-x86_64-fedora-clang 0.1.0 178.78 NOTE
r-devel-linux-x86_64-fedora-gcc 0.1.0 182.47 NOTE
r-devel-windows-x86_64 0.1.0 36.00 163.00 199.00 NOTE
r-patched-linux-x86_64 0.1.0 5.22 132.72 137.94 NOTE
r-release-linux-x86_64 0.1.0 5.56 130.12 135.68 NOTE
r-release-macos-arm64 0.1.0 54.00 NOTE
r-release-macos-x86_64 0.1.0 96.00 NOTE
r-release-windows-x86_64 0.1.0 26.00 166.00 192.00 NOTE
r-oldrel-macos-arm64 0.1.0 68.00 NOTE
r-oldrel-macos-x86_64 0.1.0 84.00 NOTE
r-oldrel-windows-ix86+x86_64 0.1.0 23.00 168.00 191.00 NOTE

Check Details

Version: 0.1.0
Check: LazyData
Result: NOTE
     'LazyData' is specified without a 'data' directory
Flavors: r-devel-linux-x86_64-debian-clang, r-devel-linux-x86_64-debian-gcc, r-devel-linux-x86_64-fedora-clang, r-devel-linux-x86_64-fedora-gcc, r-devel-windows-x86_64, r-patched-linux-x86_64, r-release-linux-x86_64, r-release-macos-arm64, r-release-macos-x86_64, r-release-windows-x86_64, r-oldrel-macos-arm64, r-oldrel-macos-x86_64, r-oldrel-windows-ix86+x86_64

Version: 0.1.0
Check: Rd cross-references
Result: NOTE
    Undeclared package ‘tibble’ in Rd xrefs
Flavor: r-devel-linux-x86_64-fedora-clang