CRAN Package Check Results for Package fable.prophet

Last updated on 2020-10-24 19:47:07 CEST.

Flavor Version Tinstall Tcheck Ttotal Status Flags
r-devel-linux-x86_64-debian-clang 0.1.0 8.55 93.32 101.87 OK
r-devel-linux-x86_64-debian-gcc 0.1.0 6.47 68.31 74.78 OK
r-devel-linux-x86_64-fedora-clang 0.1.0 133.24 NOTE
r-devel-linux-x86_64-fedora-gcc 0.1.0 121.32 OK
r-devel-windows-ix86+x86_64 0.1.0 18.00 124.00 142.00 OK
r-patched-linux-x86_64 0.1.0 0.42 2.60 3.02 ERROR
r-patched-solaris-x86 0.1.0 157.70 OK
r-release-linux-x86_64 0.1.0 5.10 85.40 90.50 OK
r-release-macos-x86_64 0.1.0 OK
r-release-windows-ix86+x86_64 0.1.0 16.00 83.00 99.00 OK
r-oldrel-macos-x86_64 0.1.0 OK
r-oldrel-windows-ix86+x86_64 0.1.0 16.00 112.00 128.00 OK

Check Details

Version: 0.1.0
Check: Rd cross-references
Result: NOTE
    Undeclared package ‘tibble’ in Rd xrefs
Flavor: r-devel-linux-x86_64-fedora-clang

Version: 0.1.0
Check: package dependencies
Result: ERROR
    Package required but not available: ‘prophet’
    
    See section ‘The DESCRIPTION file’ in the ‘Writing R Extensions’
    manual.
Flavor: r-patched-linux-x86_64