CRAN Package Check Results for Package fable.prophet

Last updated on 2021-04-13 06:46:49 CEST.

Flavor Version Tinstall Tcheck Ttotal Status Flags
r-devel-linux-x86_64-debian-clang 0.1.0 7.73 127.43 135.16 NOTE
r-devel-linux-x86_64-debian-gcc 0.1.0 5.48 91.72 97.20 NOTE
r-devel-linux-x86_64-fedora-clang 0.1.0 169.21 NOTE
r-devel-linux-x86_64-fedora-gcc 0.1.0 156.88 NOTE
r-devel-windows-ix86+x86_64 0.1.0 21.00 155.00 176.00 NOTE
r-devel-windows-x86_64-gcc10-UCRT 0.1.0 NOTE
r-patched-linux-x86_64 0.1.0 7.89 121.26 129.15 OK
r-patched-solaris-x86 0.1.0 219.90 OK
r-release-linux-x86_64 0.1.0 7.65 125.15 132.80 OK
r-release-macos-x86_64 0.1.0 OK
r-release-windows-ix86+x86_64 0.1.0 21.00 159.00 180.00 OK
r-oldrel-macos-x86_64 0.1.0 OK
r-oldrel-windows-ix86+x86_64 0.1.0 12.00 113.00 125.00 OK

Check Details

Version: 0.1.0
Check: LazyData
Result: NOTE
     'LazyData' is specified without a 'data' directory
Flavors: r-devel-linux-x86_64-debian-clang, r-devel-linux-x86_64-debian-gcc, r-devel-linux-x86_64-fedora-clang, r-devel-linux-x86_64-fedora-gcc, r-devel-windows-ix86+x86_64, r-devel-windows-x86_64-gcc10-UCRT

Version: 0.1.0
Check: Rd cross-references
Result: NOTE
    Undeclared package ‘tibble’ in Rd xrefs
Flavor: r-devel-linux-x86_64-fedora-clang