CRAN Package Check Results for Package fabricerin

Last updated on 2024-04-24 05:07:12 CEST.

Flavor Version Tinstall Tcheck Ttotal Status Flags
r-devel-linux-x86_64-debian-clang 0.1.2 2.76 22.11 24.87 NOTE
r-devel-linux-x86_64-debian-gcc 0.1.2 2.01 17.56 19.57 NOTE
r-devel-linux-x86_64-fedora-clang 0.1.2 31.51 NOTE
r-devel-linux-x86_64-fedora-gcc 0.1.2 29.79 NOTE
r-prerel-macos-arm64 0.1.2 14.00 NOTE
r-prerel-windows-x86_64 0.1.2 3.00 41.00 44.00 NOTE
r-patched-linux-x86_64 0.1.2 2.28 21.27 23.55 NOTE
r-release-linux-x86_64 0.1.2 2.60 21.89 24.49 NOTE
r-release-macos-arm64 0.1.2 16.00 NOTE
r-release-macos-x86_64 0.1.2 20.00 NOTE
r-release-windows-x86_64 0.1.2 3.00 41.00 44.00 NOTE
r-oldrel-macos-arm64 0.1.2 18.00 NOTE
r-oldrel-windows-x86_64 0.1.2 3.00 43.00 46.00 NOTE

Check Details

Version: 0.1.2
Check: LazyData
Result: NOTE 'LazyData' is specified without a 'data' directory Flavors: r-devel-linux-x86_64-debian-clang, r-devel-linux-x86_64-debian-gcc, r-devel-linux-x86_64-fedora-clang, r-devel-linux-x86_64-fedora-gcc, r-prerel-macos-arm64, r-prerel-windows-x86_64, r-patched-linux-x86_64, r-release-linux-x86_64, r-release-macos-arm64, r-release-macos-x86_64, r-release-windows-x86_64, r-oldrel-macos-arm64, r-oldrel-windows-x86_64