Last updated on 2023-03-30 08:53:36 CEST.
Flavor | Version | Tinstall | Tcheck | Ttotal | Status | Flags |
---|---|---|---|---|---|---|
r-devel-linux-x86_64-debian-clang | 0.1.2 | 2.74 | 21.76 | 24.50 | NOTE | |
r-devel-linux-x86_64-debian-gcc | 0.1.2 | 1.54 | 17.40 | 18.94 | NOTE | |
r-devel-linux-x86_64-fedora-clang | 0.1.2 | 31.18 | NOTE | |||
r-devel-linux-x86_64-fedora-gcc | 0.1.2 | 29.70 | NOTE | |||
r-devel-windows-x86_64 | 0.1.2 | 21.00 | 0.00 | 21.00 | NOTE | |
r-patched-linux-x86_64 | 0.1.2 | 2.97 | 21.40 | 24.37 | NOTE | |
r-release-linux-x86_64 | 0.1.2 | 2.22 | 22.48 | 24.70 | NOTE | |
r-release-macos-arm64 | 0.1.2 | 14.00 | NOTE | |||
r-release-macos-x86_64 | 0.1.2 | 21.00 | NOTE | |||
r-release-windows-x86_64 | 0.1.2 | 25.00 | 50.00 | 75.00 | NOTE | |
r-oldrel-macos-arm64 | 0.1.2 | 18.00 | NOTE | |||
r-oldrel-macos-x86_64 | 0.1.2 | 24.00 | NOTE | |||
r-oldrel-windows-ix86+x86_64 | 0.1.2 | 6.00 | 51.00 | 57.00 | NOTE |
Version: 0.1.2
Check: LazyData
Result: NOTE
'LazyData' is specified without a 'data' directory
Flavors: r-devel-linux-x86_64-debian-clang, r-devel-linux-x86_64-debian-gcc, r-devel-linux-x86_64-fedora-clang, r-devel-linux-x86_64-fedora-gcc, r-devel-windows-x86_64, r-patched-linux-x86_64, r-release-linux-x86_64, r-release-macos-arm64, r-release-macos-x86_64, r-release-windows-x86_64, r-oldrel-macos-arm64, r-oldrel-macos-x86_64, r-oldrel-windows-ix86+x86_64