CRAN Package Check Results for Package facilitation

Last updated on 2020-05-29 04:46:55 CEST.

Flavor Version Tinstall Tcheck Ttotal Status Flags
r-devel-linux-x86_64-debian-clang 0.5.2 60.59 81.10 141.69 NOTE
r-devel-linux-x86_64-debian-gcc 0.5.2 40.76 58.12 98.88 NOTE
r-devel-linux-x86_64-fedora-clang 0.5.2 175.99 NOTE
r-devel-linux-x86_64-fedora-gcc 0.5.2 159.38 NOTE
r-devel-windows-ix86+x86_64 0.5.2 136.00 161.00 297.00 OK
r-patched-linux-x86_64 0.5.2 41.68 75.69 117.37 NOTE
r-patched-solaris-x86 0.5.2 190.30 NOTE
r-release-linux-x86_64 0.5.2 44.05 75.45 119.50 NOTE
r-release-osx-x86_64 0.5.2 OK
r-release-windows-ix86+x86_64 0.5.2 110.00 165.00 275.00 OK
r-oldrel-osx-x86_64 0.5.2 OK
r-oldrel-windows-ix86+x86_64 0.5.2 130.00 129.00 259.00 OK

Check Details

Version: 0.5.2
Check: for non-standard things in the check directory
Result: NOTE
    Found the following files/directories:
     'facilitationmovie.gif' 'ts.gif'
Flavors: r-devel-linux-x86_64-debian-clang, r-devel-linux-x86_64-debian-gcc, r-devel-linux-x86_64-fedora-clang, r-devel-linux-x86_64-fedora-gcc, r-patched-linux-x86_64, r-patched-solaris-x86, r-release-linux-x86_64