CRAN Package Check Results for Package facilitation

Last updated on 2019-10-16 04:46:18 CEST.

Flavor Version Tinstall Tcheck Ttotal Status Flags
r-devel-linux-x86_64-debian-clang 0.5.2 55.61 69.95 125.56 NOTE
r-devel-linux-x86_64-debian-gcc 0.5.2 35.28 54.16 89.44 NOTE
r-devel-linux-x86_64-fedora-clang 0.5.2 164.22 NOTE
r-devel-linux-x86_64-fedora-gcc 0.5.2 148.25 NOTE
r-devel-windows-ix86+x86_64 0.5.2 99.00 119.00 218.00 OK
r-patched-linux-x86_64 0.5.2 41.66 67.73 109.39 OK
r-patched-solaris-x86 0.5.2 179.30 OK
r-release-linux-x86_64 0.5.2 39.49 67.70 107.19 OK
r-release-windows-ix86+x86_64 0.5.2 97.00 164.00 261.00 OK
r-release-osx-x86_64 0.5.2 OK
r-oldrel-windows-ix86+x86_64 0.5.2 90.00 110.00 200.00 OK
r-oldrel-osx-x86_64 0.5.2 OK

Check Details

Version: 0.5.2
Check: for non-standard things in the check directory
Result: NOTE
    Found the following files/directories:
     'facilitationmovie.gif' 'ts.gif'
Flavors: r-devel-linux-x86_64-debian-clang, r-devel-linux-x86_64-debian-gcc, r-devel-linux-x86_64-fedora-clang, r-devel-linux-x86_64-fedora-gcc