CRAN Package Check Results for Package facmodTS

Last updated on 2024-03-04 13:51:51 CET.

Flavor Version Tinstall Tcheck Ttotal Status Flags
r-devel-linux-x86_64-debian-clang 1.0 8.20 67.02 75.22 OK
r-devel-linux-x86_64-debian-gcc 1.0 6.91 51.17 58.08 OK
r-devel-linux-x86_64-fedora-clang 1.0 98.25 NOTE
r-devel-linux-x86_64-fedora-gcc 1.0 89.60 OK
r-devel-windows-x86_64 1.0 9.00 77.00 86.00 OK
r-patched-linux-x86_64 1.0 9.32 65.58 74.90 OK
r-release-linux-x86_64 1.0 7.29 64.82 72.11 OK
r-release-macos-arm64 1.0 31.00 OK
r-release-macos-x86_64 1.0 53.00 OK
r-release-windows-x86_64 1.0 10.00 88.00 98.00 OK
r-oldrel-macos-arm64 1.0 35.00 OK
r-oldrel-windows-x86_64 1.0 11.00 88.00 99.00 OK

Check Details

Version: 1.0
Check: Rd cross-references
Result: NOTE Undeclared package ‘pyinit’ in Rd xrefs Flavor: r-devel-linux-x86_64-fedora-clang