CRAN Package Check Results for Package factoextra

Last updated on 2020-04-08 11:48:07 CEST.

Flavor Version Tinstall Tcheck Ttotal Status Flags
r-devel-linux-x86_64-debian-clang 1.0.7 10.10 92.50 102.60 OK
r-devel-linux-x86_64-debian-gcc 1.0.7 8.60 68.26 76.86 OK
r-devel-linux-x86_64-fedora-clang 1.0.7 118.03 OK
r-devel-linux-x86_64-fedora-gcc 1.0.7 126.37 OK
r-devel-windows-ix86+x86_64 1.0.7 21.00 162.00 183.00 OK
r-devel-windows-ix86+x86_64-gcc8 1.0.6 21.00 85.00 106.00 ERROR
r-patched-linux-x86_64 1.0.7 8.83 87.54 96.37 OK
r-patched-solaris-x86 1.0.7 154.20 OK
r-release-linux-x86_64 1.0.7 8.21 85.22 93.43 OK
r-release-windows-ix86+x86_64 1.0.7 16.00 107.00 123.00 OK
r-release-osx-x86_64 1.0.7 OK
r-oldrel-windows-ix86+x86_64 1.0.7 17.00 146.00 163.00 OK
r-oldrel-osx-x86_64 1.0.6 OK

Check Details

Version: 1.0.6
Check: examples
Result: ERROR
    Running examples in 'factoextra-Ex.R' failed
    The error most likely occurred in:
    
    > ### Name: fviz_mfa
    > ### Title: Visualize Multiple Factor Analysis
    > ### Aliases: fviz_mfa fviz_mfa_ind fviz_mfa_quali_biplot fviz_mfa_var
    > ### fviz_mfa_axes
    >
    > ### ** Examples
    >
    > # Compute Multiple Factor Analysis
    > library("FactoMineR")
    > data(wine)
    > res.mfa <- MFA(wine, group=c(2,5,3,10,9,2), type=c("n",rep("s",5)),
    + ncp=5, name.group=c("orig","olf","vis","olfag","gust","ens"),
    + num.group.sup=c(1,6), graph=FALSE)
    >
    > # Eigenvalues/variances of dimensions
    > fviz_screeplot(res.mfa)
    > # Group of variables
    > fviz_mfa_var(res.mfa, "group")
    > # Quantitative variables
    > fviz_mfa_var(res.mfa, "quanti.var", palette = "jco",
    + col.var.sup = "violet", repel = TRUE)
    Error in `[.data.frame`(X$call$X, rownames(ind), grp, drop = FALSE) :
     undefined columns selected
    Calls: fviz_mfa_var ... .add_ind_groups -> as.data.frame -> [ -> [.data.frame
    Execution halted
Flavor: r-devel-windows-ix86+x86_64-gcc8