Last updated on 2021-01-17 12:51:10 CET.
Flavor | Version | Tinstall | Tcheck | Ttotal | Status | Flags |
---|---|---|---|---|---|---|
r-devel-linux-x86_64-debian-clang | 0.4.0 | 18.44 | 187.84 | 206.28 | OK | |
r-devel-linux-x86_64-debian-gcc | 0.4.0 | 11.66 | 143.15 | 154.81 | OK | |
r-devel-linux-x86_64-fedora-clang | 0.4.0 | 247.28 | NOTE | |||
r-devel-linux-x86_64-fedora-gcc | 0.4.0 | 236.01 | NOTE | |||
r-devel-windows-ix86+x86_64 | 0.4.0 | 25.00 | 185.00 | 210.00 | OK | |
r-patched-linux-x86_64 | 0.4.0 | 10.36 | 178.10 | 188.46 | OK | |
r-patched-solaris-x86 | 0.4.0 | 338.40 | NOTE | |||
r-release-linux-x86_64 | 0.4.0 | 15.87 | 179.59 | 195.46 | OK | |
r-release-macos-x86_64 | 0.4.0 | NOTE | ||||
r-release-windows-ix86+x86_64 | 0.4.0 | 29.00 | 170.00 | 199.00 | OK | |
r-oldrel-macos-x86_64 | 0.4.0 | NOTE | ||||
r-oldrel-windows-ix86+x86_64 | 0.4.0 | 31.00 | 161.00 | 192.00 | OK |
Version: 0.4.0
Check: dependencies in R code
Result: NOTE
Namespaces in Imports field not imported from:
‘forcats’ ‘formula.tools’
All declared Imports should be used.
Flavors: r-devel-linux-x86_64-fedora-clang, r-devel-linux-x86_64-fedora-gcc, r-patched-solaris-x86, r-release-macos-x86_64, r-oldrel-macos-x86_64