CRAN Package Check Results for Package factorMerger

Last updated on 2021-04-20 10:49:27 CEST.

Flavor Version Tinstall Tcheck Ttotal Status Flags
r-devel-linux-x86_64-debian-clang 0.4.0 15.33 195.43 210.76 OK
r-devel-linux-x86_64-debian-gcc 0.4.0 11.86 149.35 161.21 OK
r-devel-linux-x86_64-fedora-clang 0.4.0 254.49 NOTE
r-devel-linux-x86_64-fedora-gcc 0.4.0 243.70 NOTE
r-devel-windows-ix86+x86_64 0.4.0 29.00 172.00 201.00 OK
r-devel-windows-x86_64-gcc10-UCRT 0.4.0 NOTE
r-patched-linux-x86_64 0.4.0 15.50 183.68 199.18 OK
r-patched-solaris-x86 0.4.0 349.50 NOTE
r-release-linux-x86_64 0.4.0 13.25 183.14 196.39 OK
r-release-macos-x86_64 0.4.0 NOTE
r-release-windows-ix86+x86_64 0.4.0 36.00 227.00 263.00 OK
r-oldrel-macos-x86_64 0.4.0 NOTE
r-oldrel-windows-ix86+x86_64 0.4.0 22.00 229.00 251.00 OK

Check Details

Version: 0.4.0
Check: dependencies in R code
Result: NOTE
    Namespaces in Imports field not imported from:
     ‘forcats’ ‘formula.tools’
     All declared Imports should be used.
Flavors: r-devel-linux-x86_64-fedora-clang, r-devel-linux-x86_64-fedora-gcc, r-devel-windows-x86_64-gcc10-UCRT, r-patched-solaris-x86, r-release-macos-x86_64, r-oldrel-macos-x86_64