CRAN Package Check Results for Package factorMerger

Last updated on 2022-07-05 22:50:22 CEST.

Flavor Version Tinstall Tcheck Ttotal Status Flags
r-devel-linux-x86_64-debian-clang 0.4.0 17.11 206.69 223.80 OK
r-devel-linux-x86_64-debian-gcc 0.4.0 13.03 150.74 163.77 OK
r-devel-linux-x86_64-fedora-clang 0.4.0 275.43 NOTE
r-devel-linux-x86_64-fedora-gcc 0.4.0 265.53 NOTE
r-devel-windows-x86_64 0.4.0 61.00 238.00 299.00 OK
r-patched-linux-x86_64 0.4.0 16.16 192.09 208.25 OK
r-release-linux-x86_64 0.4.0 16.17 191.29 207.46 OK
r-release-macos-arm64 0.4.0 86.00 NOTE
r-release-macos-x86_64 0.4.0 150.00 NOTE
r-release-windows-x86_64 0.4.0 66.00 239.00 305.00 OK
r-oldrel-macos-arm64 0.4.0 133.00 NOTE
r-oldrel-macos-x86_64 0.4.0 168.00 NOTE
r-oldrel-windows-ix86+x86_64 0.4.0 39.00 242.00 281.00 OK

Check Details

Version: 0.4.0
Check: dependencies in R code
Result: NOTE
    Namespaces in Imports field not imported from:
     ‘forcats’ ‘formula.tools’
     All declared Imports should be used.
Flavors: r-devel-linux-x86_64-fedora-clang, r-devel-linux-x86_64-fedora-gcc, r-release-macos-arm64, r-release-macos-x86_64, r-oldrel-macos-arm64, r-oldrel-macos-x86_64