CRAN Package Check Results for Package factorMerger

Last updated on 2020-07-12 03:48:45 CEST.

Flavor Version Tinstall Tcheck Ttotal Status Flags
r-devel-linux-x86_64-debian-clang 0.4.0 18.01 183.99 202.00 OK
r-devel-linux-x86_64-debian-gcc 0.4.0 13.44 137.64 151.08 OK
r-devel-linux-x86_64-fedora-clang 0.4.0 241.55 NOTE
r-devel-linux-x86_64-fedora-gcc 0.4.0 234.09 NOTE
r-devel-windows-ix86+x86_64 0.4.0 39.00 247.00 286.00 OK
r-patched-linux-x86_64 0.4.0 14.67 174.92 189.59 OK
r-patched-solaris-x86 0.4.0 331.00 NOTE
r-release-linux-x86_64 0.4.0 10.59 175.62 186.21 OK
r-release-macos-x86_64 0.4.0 NOTE
r-release-windows-ix86+x86_64 0.4.0 57.00 184.00 241.00 OK
r-oldrel-macos-x86_64 0.4.0 NOTE
r-oldrel-windows-ix86+x86_64 0.4.0 32.00 186.00 218.00 OK

Check Details

Version: 0.4.0
Check: dependencies in R code
Result: NOTE
    Namespaces in Imports field not imported from:
     ‘forcats’ ‘formula.tools’
     All declared Imports should be used.
Flavors: r-devel-linux-x86_64-fedora-clang, r-devel-linux-x86_64-fedora-gcc, r-patched-solaris-x86, r-release-macos-x86_64, r-oldrel-macos-x86_64