CRAN Package Check Results for Package factorMerger

Last updated on 2020-09-24 11:49:54 CEST.

Flavor Version Tinstall Tcheck Ttotal Status Flags
r-devel-linux-x86_64-debian-clang 0.4.0 15.49 188.21 203.70 OK
r-devel-linux-x86_64-debian-gcc 0.4.0 13.34 143.70 157.04 OK
r-devel-linux-x86_64-fedora-clang 0.4.0 263.53 NOTE
r-devel-linux-x86_64-fedora-gcc 0.4.0 251.36 NOTE
r-devel-windows-ix86+x86_64 0.4.0 37.00 220.00 257.00 OK
r-patched-linux-x86_64 0.4.0 11.22 178.78 190.00 OK
r-patched-solaris-x86 0.4.0 356.00 NOTE
r-release-linux-x86_64 0.4.0 10.49 178.15 188.64 OK
r-release-macos-x86_64 0.4.0 NOTE
r-release-windows-ix86+x86_64 0.4.0 35.00 231.00 266.00 OK
r-oldrel-macos-x86_64 0.4.0 NOTE
r-oldrel-windows-ix86+x86_64 0.4.0 21.00 212.00 233.00 OK

Check Details

Version: 0.4.0
Check: dependencies in R code
Result: NOTE
    Namespaces in Imports field not imported from:
     ‘forcats’ ‘formula.tools’
     All declared Imports should be used.
Flavors: r-devel-linux-x86_64-fedora-clang, r-devel-linux-x86_64-fedora-gcc, r-patched-solaris-x86, r-release-macos-x86_64, r-oldrel-macos-x86_64