CRAN Package Check Results for Package factormodel

Last updated on 2021-12-05 21:48:39 CET.

Flavor Version Tinstall Tcheck Ttotal Status Flags
r-devel-linux-x86_64-debian-clang 1.0 2.59 50.69 53.28 OK
r-devel-linux-x86_64-debian-gcc 1.0 1.55 38.13 39.68 OK
r-devel-linux-x86_64-fedora-clang 1.0 66.08 NOTE
r-devel-linux-x86_64-fedora-gcc 1.0 53.03 NOTE
r-devel-windows-x86_64-new-UL 1.0 8.00 83.00 91.00 OK
r-devel-windows-x86_64-new-TK 1.0 NOTE
r-devel-windows-x86_64-old 1.0 5.00 51.00 56.00 OK
r-patched-linux-x86_64 1.0 2.68 39.46 42.14 OK
r-release-linux-x86_64 1.0 2.32 46.97 49.29 OK
r-release-macos-arm64 1.0 NOTE
r-release-macos-x86_64 1.0 NOTE
r-release-windows-ix86+x86_64 1.0 6.00 63.00 69.00 OK
r-oldrel-macos-x86_64 1.0 NOTE
r-oldrel-windows-ix86+x86_64 1.0 5.00 64.00 69.00 OK

Check Details

Version: 1.0
Check: dependencies in R code
Result: NOTE
    Namespace in Imports field not imported from: ‘dplyr’
     All declared Imports should be used.
Flavors: r-devel-linux-x86_64-fedora-clang, r-devel-linux-x86_64-fedora-gcc, r-devel-windows-x86_64-new-TK, r-release-macos-arm64, r-release-macos-x86_64, r-oldrel-macos-x86_64