CRAN Package Check Results for Package factorstochvol

Last updated on 2023-06-04 08:57:09 CEST.

Flavor Version Tinstall Tcheck Ttotal Status Flags
r-devel-linux-x86_64-debian-clang 1.0.1 114.92 102.67 217.59 NOTE
r-devel-linux-x86_64-debian-gcc 1.0.1 86.11 77.33 163.44 NOTE
r-devel-linux-x86_64-fedora-clang 1.0.1 298.87 NOTE
r-devel-linux-x86_64-fedora-gcc 1.0.1 312.86 NOTE
r-devel-windows-x86_64 1.0.1 83.00 131.00 214.00 NOTE
r-patched-linux-x86_64 1.0.1 92.48 99.09 191.57 NOTE
r-release-linux-x86_64 1.0.1 101.59 98.92 200.51 NOTE
r-release-macos-arm64 1.0.1 78.00 NOTE
r-release-macos-x86_64 1.0.1 137.00 NOTE
r-release-windows-x86_64 1.0.1 107.00 148.00 255.00 NOTE
r-oldrel-macos-arm64 1.0.1 71.00 NOTE
r-oldrel-macos-x86_64 1.0.1 86.00 NOTE
r-oldrel-windows-x86_64 1.0.1 103.00 146.00 249.00 OK

Check Details

Version: 1.0.1
Check: C++ specification
Result: NOTE
     Specified C++11: please drop specification unless essential
Flavors: r-devel-linux-x86_64-debian-clang, r-devel-linux-x86_64-debian-gcc, r-devel-linux-x86_64-fedora-clang, r-devel-linux-x86_64-fedora-gcc, r-devel-windows-x86_64, r-patched-linux-x86_64, r-release-linux-x86_64, r-release-macos-arm64, r-release-macos-x86_64, r-release-windows-x86_64

Version: 1.0.1
Check: installed package size
Result: NOTE
     installed size is 7.7Mb
     sub-directories of 1Mb or more:
     doc 2.5Mb
     libs 4.8Mb
Flavors: r-release-macos-arm64, r-release-macos-x86_64, r-oldrel-macos-arm64, r-oldrel-macos-x86_64