Last updated on 2023-02-08 06:56:24 CET.
Flavor | Version | Tinstall | Tcheck | Ttotal | Status | Flags |
---|---|---|---|---|---|---|
r-devel-linux-x86_64-debian-clang | 1.0.1 | 109.19 | 103.74 | 212.93 | NOTE | |
r-devel-linux-x86_64-debian-gcc | 1.0.1 | 86.97 | 76.94 | 163.91 | NOTE | |
r-devel-linux-x86_64-fedora-clang | 1.0.1 | 306.33 | NOTE | |||
r-devel-linux-x86_64-fedora-gcc | 1.0.1 | 302.08 | NOTE | |||
r-devel-windows-x86_64 | 1.0.1 | 157.00 | 179.00 | 336.00 | NOTE | |
r-patched-linux-x86_64 | 1.0.1 | 97.48 | 94.57 | 192.05 | OK | |
r-release-linux-x86_64 | 1.0.1 | 98.75 | 97.83 | 196.58 | OK | |
r-release-macos-arm64 | 1.0.1 | 71.00 | NOTE | |||
r-release-macos-x86_64 | 1.0.1 | 86.00 | NOTE | |||
r-release-windows-x86_64 | 1.0.1 | 162.00 | 195.00 | 357.00 | OK | |
r-oldrel-macos-arm64 | 1.0.1 | 70.00 | NOTE | |||
r-oldrel-macos-x86_64 | 1.0.1 | 102.00 | NOTE | |||
r-oldrel-windows-ix86+x86_64 | 1.0.1 | 257.00 | 172.00 | 429.00 | NOTE |
Version: 1.0.1
Check: C++ specification
Result: NOTE
Specified C++11: please update to current default of C++17
Flavors: r-devel-linux-x86_64-debian-clang, r-devel-windows-x86_64
Version: 1.0.1
Check: C++ specification
Result: NOTE
Specified C++11: please drop specification unless essential
Flavors: r-devel-linux-x86_64-debian-gcc, r-devel-linux-x86_64-fedora-clang, r-devel-linux-x86_64-fedora-gcc
Version: 1.0.1
Check: installed package size
Result: NOTE
installed size is 7.7Mb
sub-directories of 1Mb or more:
doc 2.5Mb
libs 4.8Mb
Flavors: r-release-macos-arm64, r-release-macos-x86_64, r-oldrel-macos-arm64, r-oldrel-macos-x86_64, r-oldrel-windows-ix86+x86_64