CRAN Package Check Results for Package factset.analyticsapi.engines

Last updated on 2024-07-19 11:57:15 CEST.

Flavor Version Tinstall Tcheck Ttotal Status Flags
r-devel-linux-x86_64-debian-clang 3.0.1 37.01 46.89 83.90 NOTE
r-devel-linux-x86_64-debian-gcc 3.0.1 33.91 35.45 69.36 NOTE
r-devel-linux-x86_64-fedora-clang 3.0.1 117.71 NOTE
r-devel-linux-x86_64-fedora-gcc 3.0.1 114.46 NOTE
r-devel-windows-x86_64 3.0.1 34.00 65.00 99.00 NOTE
r-patched-linux-x86_64 3.0.1 43.06 44.40 87.46 NOTE
r-release-linux-x86_64 3.0.1 40.93 43.37 84.30 NOTE
r-release-macos-arm64 3.0.1 29.00 NOTE
r-release-macos-x86_64 3.0.1 49.00 NOTE
r-release-windows-x86_64 3.0.1 32.00 64.00 96.00 NOTE
r-oldrel-macos-arm64 3.0.1 33.00 NOTE
r-oldrel-macos-x86_64 3.0.1 53.00 NOTE
r-oldrel-windows-x86_64 3.0.1 42.00 70.00 112.00 NOTE

Check Details

Version: 3.0.1
Check: LazyData
Result: NOTE 'LazyData' is specified without a 'data' directory Flavors: r-devel-linux-x86_64-debian-clang, r-devel-linux-x86_64-debian-gcc, r-devel-linux-x86_64-fedora-clang, r-devel-linux-x86_64-fedora-gcc, r-devel-windows-x86_64, r-patched-linux-x86_64, r-release-linux-x86_64, r-release-macos-arm64, r-release-macos-x86_64, r-release-windows-x86_64, r-oldrel-macos-arm64, r-oldrel-macos-x86_64, r-oldrel-windows-x86_64

Version: 3.0.1
Check: dependencies in R code
Result: NOTE Namespaces in Imports field not imported from: ‘R6’ ‘caTools’ ‘httr’ ‘jsonlite’ ‘rlang’ All declared Imports should be used. Flavors: r-devel-linux-x86_64-fedora-clang, r-devel-linux-x86_64-fedora-gcc