CRAN Package Check Results for Package factset.analyticsapi.engines

Last updated on 2020-09-20 00:47:12 CEST.

Flavor Version Tinstall Tcheck Ttotal Status Flags
r-devel-linux-x86_64-debian-clang 3.0.1 35.44 32.29 67.73 OK
r-devel-linux-x86_64-debian-gcc 3.0.1 30.75 25.17 55.92 OK
r-devel-linux-x86_64-fedora-clang 3.0.1 98.80 NOTE
r-devel-linux-x86_64-fedora-gcc 3.0.1 96.73 NOTE
r-devel-windows-ix86+x86_64 3.0.1 57.00 56.00 113.00 OK
r-patched-linux-x86_64 3.0.1 35.96 32.13 68.09 OK
r-patched-solaris-x86 3.0.1 107.50 NOTE
r-release-linux-x86_64 3.0.1 35.37 31.92 67.29 OK
r-release-macos-x86_64 3.0.1 NOTE
r-release-windows-ix86+x86_64 3.0.1 58.00 39.00 97.00 OK
r-oldrel-macos-x86_64 3.0.1 NOTE
r-oldrel-windows-ix86+x86_64 3.0.1 35.00 48.00 83.00 OK

Check Details

Version: 3.0.1
Check: dependencies in R code
Result: NOTE
    Namespaces in Imports field not imported from:
     ‘R6’ ‘caTools’ ‘httr’ ‘jsonlite’ ‘rlang’
     All declared Imports should be used.
Flavors: r-devel-linux-x86_64-fedora-clang, r-devel-linux-x86_64-fedora-gcc, r-patched-solaris-x86, r-release-macos-x86_64, r-oldrel-macos-x86_64